{"id":6853,"date":"2025-05-26T08:46:02","date_gmt":"2025-05-26T12:46:02","guid":{"rendered":"https:\/\/histoiredemaska.com\/?post_type=histoire&#038;p=6853"},"modified":"2025-05-26T08:52:43","modified_gmt":"2025-05-26T12:52:43","slug":"les-debuts-du-marathon-de-saint-hyacinthe","status":"publish","type":"histoire","link":"https:\/\/histoiredemaska.com\/en\/histoire\/les-debuts-du-marathon-de-saint-hyacinthe\/","title":{"rendered":"Les d\u00e9buts du Marathon de Saint-Hyacinthe"},"content":{"rendered":"<p>Peu de gens savent que le marathonien G\u00e9rard C\u00f4t\u00e9, en plus de briller sur la sc\u00e8ne internationale, a consacr\u00e9 une bonne partie de sa vie \u00e0 organiser une \u00e9preuve de course \u00e0 pied dans les rues de notre ville. Cette \u00e9preuve, qui s\u2019est d\u00e9roul\u00e9e de 1947 \u00e0 1975, portait le nom de Marathon de Saint-Hyacinthe.<\/p>\n<p>Saint-Hyacinthe, capitale de la course \u00e0 pied? L\u2019expression peut sembler un peu forte. Cependant, pour celui qui s\u2019int\u00e9resse \u00e0 l\u2019histoire de cette discipline sportive, la conclusion est \u00e9vidente : nulle autre ville qu\u00e9b\u00e9coise n\u2019a \u00e9t\u00e9 en mesure de pr\u00e9senter un \u00e9v\u00e8nement d\u2019une telle envergure au cours de la p\u00e9riode d\u2019apr\u00e8s-guerre. Au Qu\u00e9bec, la r\u00e9volution du jogging qui survient au cours de la d\u00e9cennie 1970, la tenue des Jeux olympiques, en 1976, et la pr\u00e9sentation du premier Marathon de Montr\u00e9al, en 1979, font en sorte que Montr\u00e9al redevient la plaque tournante de la course \u00e0 pied. Mais auparavant, c\u2019est \u00e0 Saint-Hyacinthe que les meilleurs coureurs nord-am\u00e9ricains se donnaient rendez-vous.<\/p>\n<figure id=\"attachment_6876\" aria-describedby=\"caption-attachment-6876\" style=\"width: 542px\" class=\"wp-caption aligncenter\"><img fetchpriority=\"high\" decoding=\"async\" class=\"wp-image-6876\" src=\"https:\/\/histoiredemaska.com\/wp-content\/uploads\/2025\/05\/CH627-Gerard-Cote_raquettes-1943-300x240.jpg\" alt=\"\" width=\"542\" height=\"433\" srcset=\"https:\/\/histoiredemaska.com\/wp-content\/uploads\/2025\/05\/CH627-Gerard-Cote_raquettes-1943-300x240.jpg 300w, https:\/\/histoiredemaska.com\/wp-content\/uploads\/2025\/05\/CH627-Gerard-Cote_raquettes-1943-768x614.jpg 768w, https:\/\/histoiredemaska.com\/wp-content\/uploads\/2025\/05\/CH627-Gerard-Cote_raquettes-1943-600x480.jpg 600w, https:\/\/histoiredemaska.com\/wp-content\/uploads\/2025\/05\/CH627-Gerard-Cote_raquettes-1943.jpg 1000w\" sizes=\"(max-width: 542px) 100vw, 542px\" \/><figcaption id=\"caption-attachment-6876\" class=\"wp-caption-text\">G\u00e9rard C\u00f4t\u00e9 inspecte une raquette durant son s\u00e9jour \u00e0 l&#8217;arm\u00e9e en 1943. Centre d&#8217;histoire de Saint-Hyacinthe, CH627 Fonds G\u00e9rard-C\u00f4t\u00e9.<\/figcaption><\/figure>\n<p><strong>D\u2019abord, une \u00e9preuve en raquettes <\/strong><\/p>\n<p>Lors des trois premi\u00e8res ann\u00e9es de son existence, le Marathon de Saint-Hyacinthe est une course en raquettes de 10 milles (16 kilom\u00e8tres). L\u2019affaire d\u00e9bute \u00e0 la fin de l\u2019ann\u00e9e 1946, alors que le club de raquetteurs maskoutains \u00ab Yamaska \u00bb donne une f\u00eate en l\u2019honneur de G\u00e9rard C\u00f4t\u00e9 qui vient de remporter une troisi\u00e8me victoire \u00e0 Yonkers, ce qui fait de lui le champion am\u00e9ricain. Quelques semaines plus tard, les journaux locaux annoncent qu\u2019une grande \u00e9preuve d\u2019endurance en raquettes, le Marathon de Saint-Hyacinthe, sera courue dans les rues de notre ville le 18 janvier. Cet \u00e9v\u00e8nement sera organis\u00e9 par G\u00e9rard C\u00f4t\u00e9 pour le compte du club de raquetteurs \u00ab Yamaska \u00bb, dont le pr\u00e9sident est le fleuriste C\u00e9saire Vermeersch.<\/p>\n<p>Le parcours de cette \u00e9preuve est le suivant : d\u00e9part sur la rue Cascades en face du march\u00e9; pont Barsalou vers La Providence; rue Saint-Pierre vers Saint-Joseph jusqu\u2019\u00e0 la rue Saint-Louis; pont Bouchard et retour vers le march\u00e9. Pour compl\u00e9ter la distance, les athl\u00e8tes doivent faire le tour des \u00ab trois ponts \u00bb \u00e0 cinq reprises, ce qui permet \u00e0 la foule mass\u00e9e au centre-ville et ici et l\u00e0 le long des rues de voir la progression des raquetteurs.<\/p>\n<p>Pour assurer le succ\u00e8s de l\u2019\u00e9v\u00e8nement, G\u00e9rard C\u00f4t\u00e9 fait appel \u00e0 ses amis pour former une \u00e9quipe de b\u00e9n\u00e9voles r\u00e9unissant Maurice Bienvenue, Paul Picard et quelques autres. La course est homologu\u00e9e par l\u2019Union canadienne des raquetteurs. On compte sur la pr\u00e9sence du maire Ernest-O. Picard accompagn\u00e9 du d\u00e9put\u00e9 f\u00e9d\u00e9ral Joseph Fontaine et du d\u00e9put\u00e9 provincial Ernest-J. Chartier qui \u00ab donneront tour \u00e0 tour le signal de d\u00e9part des divers concurrents qui, on le sait, jouiront d\u2019une avance de deux \u00e0 six minutes sur leurs plus dangereux rivaux, les fameux G\u00e9rard C\u00f4t\u00e9, de Saint-Hyacinthe, et Lloyd Evans, de Montr\u00e9al, qui partiront les derniers \u00bb, note le r\u00e9dacteur du <em>Clairon <\/em>du 10 janvier 1947.<\/p>\n<figure id=\"attachment_6881\" aria-describedby=\"caption-attachment-6881\" style=\"width: 537px\" class=\"wp-caption aligncenter\"><img decoding=\"async\" class=\"wp-image-6881\" src=\"https:\/\/histoiredemaska.com\/wp-content\/uploads\/2025\/05\/Gerard-Cote-en-raquettes-1948-CH548-300x300.jpg\" alt=\"\" width=\"537\" height=\"537\" srcset=\"https:\/\/histoiredemaska.com\/wp-content\/uploads\/2025\/05\/Gerard-Cote-en-raquettes-1948-CH548-300x300.jpg 300w, https:\/\/histoiredemaska.com\/wp-content\/uploads\/2025\/05\/Gerard-Cote-en-raquettes-1948-CH548-150x150.jpg 150w, https:\/\/histoiredemaska.com\/wp-content\/uploads\/2025\/05\/Gerard-Cote-en-raquettes-1948-CH548-768x768.jpg 768w, https:\/\/histoiredemaska.com\/wp-content\/uploads\/2025\/05\/Gerard-Cote-en-raquettes-1948-CH548-600x600.jpg 600w, https:\/\/histoiredemaska.com\/wp-content\/uploads\/2025\/05\/Gerard-Cote-en-raquettes-1948-CH548-100x100.jpg 100w, https:\/\/histoiredemaska.com\/wp-content\/uploads\/2025\/05\/Gerard-Cote-en-raquettes-1948-CH548.jpg 1000w\" sizes=\"(max-width: 537px) 100vw, 537px\" \/><figcaption id=\"caption-attachment-6881\" class=\"wp-caption-text\">G\u00e9rard C\u00f4t\u00e9 lors du marathon de 1948. Centre d&#8217;histoire de Saint-Hyacinthe, Fonds CH548 Raymond B\u00e9langer, photographe.<\/figcaption><\/figure>\n<p>En soir\u00e9e, on organise une r\u00e9ception officielle en l\u2019honneur des participants au Club nautique, o\u00f9 se trouve le local du \u00ab Yamaska \u00bb. Puisqu\u2019il s\u2019agit d\u2019une course amateur, on ne remet pas de bourse en argent, mais une vari\u00e9t\u00e9 de prix : rasoir, cadran, lampe et chaufferette \u00e9lectriques, coffret de 1 000 cigarettes, boite de 50 cigares, des pantoufles, une descente de bain, un cendrier, une pipe de bruy\u00e8re, une cravate et une plume de marque Parker. Au niveau des r\u00e9sultats, les courses de 1947, 1948 et 1949, remport\u00e9es par Lloyd Evans, d\u00e9montrent la sup\u00e9riorit\u00e9 de ce Montr\u00e9alais qui demeure imbattable en raquettes \u00e0 la fin des ann\u00e9es 1940.<\/p>\n<p><strong>Prochain article:<\/strong> <a href=\"https:\/\/histoiredemaska.com\/histoire\/le-marathon-de-saint-hyacinthe-de-la-raquette-a-la-course-a-pied\/\">Le Marathon de Saint-Hyacinthe : de la raquette \u00e0 la course \u00e0 pied!<\/a><\/p>\n<p>D\u2019apr\u00e8s un article de Paul Foisy, publi\u00e9 dans Le Courrier de Saint-Hyacinthe le 21 avril 2016.<\/p>\n","protected":false},"featured_media":6865,"template":"","auteur":[],"categorie-dhistoire":[],"class_list":["post-6853","histoire","type-histoire","status-publish","has-post-thumbnail","hentry"],"acf":[],"_links":{"self":[{"href":"https:\/\/histoiredemaska.com\/en\/wp-json\/wp\/v2\/histoire\/6853","targetHints":{"allow":["GET"]}}],"collection":[{"href":"https:\/\/histoiredemaska.com\/en\/wp-json\/wp\/v2\/histoire"}],"about":[{"href":"https:\/\/histoiredemaska.com\/en\/wp-json\/wp\/v2\/types\/histoire"}],"version-history":[{"count":5,"href":"https:\/\/histoiredemaska.com\/en\/wp-json\/wp\/v2\/histoire\/6853\/revisions"}],"predecessor-version":[{"id":6982,"href":"https:\/\/histoiredemaska.com\/en\/wp-json\/wp\/v2\/histoire\/6853\/revisions\/6982"}],"wp:featuredmedia":[{"embeddable":true,"href":"https:\/\/histoiredemaska.com\/en\/wp-json\/wp\/v2\/media\/6865"}],"wp:attachment":[{"href":"https:\/\/histoiredemaska.com\/en\/wp-json\/wp\/v2\/media?parent=6853"}],"wp:term":[{"taxonomy":"auteur","embeddable":true,"href":"https:\/\/histoiredemaska.com\/en\/wp-json\/wp\/v2\/auteur?post=6853"},{"taxonomy":"categorie-dhistoire","embeddable":true,"href":"https:\/\/histoiredemaska.com\/en\/wp-json\/wp\/v2\/categorie-dhistoire?post=6853"}],"curies":[{"name":"wp","href":"https:\/\/api.w.org\/{rel}","templated":true}]}}

Les débuts du Marathon de Saint-Hyacinthe

<p>Peu de gens savent que le marathonien Gérard Côté, en plus de briller sur la scène internationale, a consacré une bonne partie de sa vie à organiser une épreuve de course à pied dans les rues de notre ville. Cette épreuve, qui s’est déroulée de 1947 à 1975, portait le nom de Marathon de Saint-Hyacinthe.</p>
<p>Saint-Hyacinthe, capitale de la course à pied? L’expression peut sembler un peu forte. Cependant, pour celui qui s’intéresse à l’histoire de cette discipline sportive, la conclusion est évidente : nulle autre ville québécoise n’a été en mesure de présenter un évènement d’une telle envergure au cours de la période d’après-guerre. Au Québec, la révolution du jogging qui survient au cours de la décennie 1970, la tenue des Jeux olympiques, en 1976, et la présentation du premier Marathon de Montréal, en 1979, font en sorte que Montréal redevient la plaque tournante de la course à pied. Mais auparavant, c’est à Saint-Hyacinthe que les meilleurs coureurs nord-américains se donnaient rendez-vous.</p>
<figure id="attachment_6876" aria-describedby="caption-attachment-6876" style="width: 542px" class="wp-caption aligncenter"><img fetchpriority="high" decoding="async" class="wp-image-6876" src="https://histoiredemaska.com/wp-content/uploads/2025/05/CH627-Gerard-Cote_raquettes-1943-300x240.jpg" alt="" width="542" height="433" srcset="https://histoiredemaska.com/wp-content/uploads/2025/05/CH627-Gerard-Cote_raquettes-1943-300x240.jpg 300w, https://histoiredemaska.com/wp-content/uploads/2025/05/CH627-Gerard-Cote_raquettes-1943-768x614.jpg 768w, https://histoiredemaska.com/wp-content/uploads/2025/05/CH627-Gerard-Cote_raquettes-1943-600x480.jpg 600w, https://histoiredemaska.com/wp-content/uploads/2025/05/CH627-Gerard-Cote_raquettes-1943.jpg 1000w" sizes="(max-width: 542px) 100vw, 542px" /><figcaption id="caption-attachment-6876" class="wp-caption-text">Gérard Côté inspecte une raquette durant son séjour à l&#8217;armée en 1943. Centre d&#8217;histoire de Saint-Hyacinthe, CH627 Fonds Gérard-Côté.</figcaption></figure>
<p><strong>D’abord, une épreuve en raquettes </strong></p>
<p>Lors des trois premières années de son existence, le Marathon de Saint-Hyacinthe est une course en raquettes de 10 milles (16 kilomètres). L’affaire débute à la fin de l’année 1946, alors que le club de raquetteurs maskoutains « Yamaska » donne une fête en l’honneur de Gérard Côté qui vient de remporter une troisième victoire à Yonkers, ce qui fait de lui le champion américain. Quelques semaines plus tard, les journaux locaux annoncent qu’une grande épreuve d’endurance en raquettes, le Marathon de Saint-Hyacinthe, sera courue dans les rues de notre ville le 18 janvier. Cet évènement sera organisé par Gérard Côté pour le compte du club de raquetteurs « Yamaska », dont le président est le fleuriste Césaire Vermeersch.</p>
<p>Le parcours de cette épreuve est le suivant : départ sur la rue Cascades en face du marché; pont Barsalou vers La Providence; rue Saint-Pierre vers Saint-Joseph jusqu’à la rue Saint-Louis; pont Bouchard et retour vers le marché. Pour compléter la distance, les athlètes doivent faire le tour des « trois ponts » à cinq reprises, ce qui permet à la foule massée au centre-ville et ici et là le long des rues de voir la progression des raquetteurs.</p>
<p>Pour assurer le succès de l’évènement, Gérard Côté fait appel à ses amis pour former une équipe de bénévoles réunissant Maurice Bienvenue, Paul Picard et quelques autres. La course est homologuée par l’Union canadienne des raquetteurs. On compte sur la présence du maire Ernest-O. Picard accompagné du député fédéral Joseph Fontaine et du député provincial Ernest-J. Chartier qui « donneront tour à tour le signal de départ des divers concurrents qui, on le sait, jouiront d’une avance de deux à six minutes sur leurs plus dangereux rivaux, les fameux Gérard Côté, de Saint-Hyacinthe, et Lloyd Evans, de Montréal, qui partiront les derniers », note le rédacteur du <em>Clairon </em>du 10 janvier 1947.</p>
<figure id="attachment_6881" aria-describedby="caption-attachment-6881" style="width: 537px" class="wp-caption aligncenter"><img decoding="async" class="wp-image-6881" src="https://histoiredemaska.com/wp-content/uploads/2025/05/Gerard-Cote-en-raquettes-1948-CH548-300x300.jpg" alt="" width="537" height="537" srcset="https://histoiredemaska.com/wp-content/uploads/2025/05/Gerard-Cote-en-raquettes-1948-CH548-300x300.jpg 300w, https://histoiredemaska.com/wp-content/uploads/2025/05/Gerard-Cote-en-raquettes-1948-CH548-150x150.jpg 150w, https://histoiredemaska.com/wp-content/uploads/2025/05/Gerard-Cote-en-raquettes-1948-CH548-768x768.jpg 768w, https://histoiredemaska.com/wp-content/uploads/2025/05/Gerard-Cote-en-raquettes-1948-CH548-600x600.jpg 600w, https://histoiredemaska.com/wp-content/uploads/2025/05/Gerard-Cote-en-raquettes-1948-CH548-100x100.jpg 100w, https://histoiredemaska.com/wp-content/uploads/2025/05/Gerard-Cote-en-raquettes-1948-CH548.jpg 1000w" sizes="(max-width: 537px) 100vw, 537px" /><figcaption id="caption-attachment-6881" class="wp-caption-text">Gérard Côté lors du marathon de 1948. Centre d&#8217;histoire de Saint-Hyacinthe, Fonds CH548 Raymond Bélanger, photographe.</figcaption></figure>
<p>En soirée, on organise une réception officielle en l’honneur des participants au Club nautique, où se trouve le local du « Yamaska ». Puisqu’il s’agit d’une course amateur, on ne remet pas de bourse en argent, mais une variété de prix : rasoir, cadran, lampe et chaufferette électriques, coffret de 1 000 cigarettes, boite de 50 cigares, des pantoufles, une descente de bain, un cendrier, une pipe de bruyère, une cravate et une plume de marque Parker. Au niveau des résultats, les courses de 1947, 1948 et 1949, remportées par Lloyd Evans, démontrent la supériorité de ce Montréalais qui demeure imbattable en raquettes à la fin des années 1940.</p>
<p><strong>Prochain article:</strong> <a href="https://histoiredemaska.com/histoire/le-marathon-de-saint-hyacinthe-de-la-raquette-a-la-course-a-pied/">Le Marathon de Saint-Hyacinthe : de la raquette à la course à pied!</a></p>
<p>D’après un article de Paul Foisy, publié dans Le Courrier de Saint-Hyacinthe le 21 avril 2016.</p>
