{"id":7051,"date":"2025-06-16T11:51:55","date_gmt":"2025-06-16T15:51:55","guid":{"rendered":"https:\/\/histoiredemaska.com\/?post_type=histoire&#038;p=7051"},"modified":"2025-06-20T16:03:22","modified_gmt":"2025-06-20T20:03:22","slug":"les-peignages-lebeau-ltee","status":"publish","type":"histoire","link":"https:\/\/histoiredemaska.com\/en\/histoire\/les-peignages-lebeau-ltee\/","title":{"rendered":"Les Peignages LEBEAU lt\u00e9e"},"content":{"rendered":"<p>Sur mon chemin d\u2019\u00e9cole, je voyageais souvent par le sentier longeant le chemin de fer (quand ce n\u2019\u00e9tait pas en marchant sur le rail!). Un \u00e9tablissement en bloc de ciment m\u2019intriguait tant par sa structure que par ce qu\u2019il pouvait contenir.<\/p>\n<figure id=\"attachment_7052\" aria-describedby=\"caption-attachment-7052\" style=\"width: 1024px\" class=\"wp-caption aligncenter\"><a href=\"https:\/\/histoiredemaska.com\/wp-content\/uploads\/2025\/06\/Batiment-original_600_r-scaled-e1750088147873.jpg\"><img fetchpriority=\"high\" decoding=\"async\" class=\"wp-image-7052 size-large\" src=\"https:\/\/histoiredemaska.com\/wp-content\/uploads\/2025\/06\/Batiment-original_600_r-scaled-e1750088147873-1024x372.jpg\" alt=\"peignage Lebeau\" width=\"1024\" height=\"372\" srcset=\"https:\/\/histoiredemaska.com\/wp-content\/uploads\/2025\/06\/Batiment-original_600_r-scaled-e1750088147873-1024x372.jpg 1024w, https:\/\/histoiredemaska.com\/wp-content\/uploads\/2025\/06\/Batiment-original_600_r-scaled-e1750088147873-300x109.jpg 300w, https:\/\/histoiredemaska.com\/wp-content\/uploads\/2025\/06\/Batiment-original_600_r-scaled-e1750088147873-768x279.jpg 768w, https:\/\/histoiredemaska.com\/wp-content\/uploads\/2025\/06\/Batiment-original_600_r-scaled-e1750088147873-1536x558.jpg 1536w, https:\/\/histoiredemaska.com\/wp-content\/uploads\/2025\/06\/Batiment-original_600_r-scaled-e1750088147873-2048x744.jpg 2048w, https:\/\/histoiredemaska.com\/wp-content\/uploads\/2025\/06\/Batiment-original_600_r-scaled-e1750088147873-600x218.jpg 600w\" sizes=\"(max-width: 1024px) 100vw, 1024px\" \/><\/a><figcaption id=\"caption-attachment-7052\" class=\"wp-caption-text\">Les Peignages Lebeau, b\u00e2timent original tir\u00e9 de Luc Cordeau et al. Saint-Pie, 1828-2003, une paroisse, un village, une ville, une histoire. Sherbrooke, \u00c9ditions Louis Bilodeau, 2003, p. 216.<\/figcaption><\/figure>\n<p>Je ne connaissais rien de l\u2018existence de la manufacture de blocs de ciment qui existait dans ces parages dans les ann\u00e9es 1910. Puis un jour, mon fr\u00e8re y a travaill\u00e9, ce qui m\u2019a permis un aper\u00e7u de son int\u00e9rieur. J\u2019y ai aussi travaill\u00e9 sur une tr\u00e8s courte p\u00e9riode. Ce furent, en fait, mes premi\u00e8res paies.<\/p>\n<p>&nbsp;<\/p>\n<p>Fond\u00e9 en 1948 par Am\u00e9d\u00e9e Lebeau, professeur \u00e0 l\u2019Institut des textiles de Saint\u2011Hyacinthe, l\u2019entreprise s\u2019installe tout d\u2019abord dans un ancien poulailler. \u00c0 la suite d\u2019un incendie majeur, l\u2019entreprise d\u00e9m\u00e9nage rue Saint\u2011Paul dans l\u2019ancienne usine de stores v\u00e9nitiens de Monsieur Bousquet sise o\u00f9 se trouve aujourd\u2019hui la Meunerie F.\u00a0M\u00e9nard.<\/p>\n<p>&nbsp;<\/p>\n<h3><strong>Cardage et peignage de la laine<\/strong><\/h3>\n<p>Le livre de <em>Saint\u2011Pie, 1828- 2003<\/em>, nous informe que le proc\u00e9d\u00e9 de fabrication qu\u2019on y installe est une premi\u00e8re au Canada\u00a0: l\u2019op\u00e9ration de cardage et peignage de la laine emploie le syst\u00e8me fran\u00e7ais.<\/p>\n<p>&nbsp;<\/p>\n<figure id=\"attachment_7054\" aria-describedby=\"caption-attachment-7054\" style=\"width: 1024px\" class=\"wp-caption aligncenter\"><a href=\"https:\/\/histoiredemaska.com\/wp-content\/uploads\/2025\/06\/Ouvriers-au-travail_600_r-scaled.jpg\"><img decoding=\"async\" class=\"wp-image-7054 size-large\" src=\"https:\/\/histoiredemaska.com\/wp-content\/uploads\/2025\/06\/Ouvriers-au-travail_600_r-scaled-e1750088501577-1024x497.jpg\" alt=\"Ouvriers Peignage Lebeau\" width=\"1024\" height=\"497\" srcset=\"https:\/\/histoiredemaska.com\/wp-content\/uploads\/2025\/06\/Ouvriers-au-travail_600_r-scaled-e1750088501577-1024x497.jpg 1024w, https:\/\/histoiredemaska.com\/wp-content\/uploads\/2025\/06\/Ouvriers-au-travail_600_r-scaled-e1750088501577-300x146.jpg 300w, https:\/\/histoiredemaska.com\/wp-content\/uploads\/2025\/06\/Ouvriers-au-travail_600_r-scaled-e1750088501577-768x373.jpg 768w, https:\/\/histoiredemaska.com\/wp-content\/uploads\/2025\/06\/Ouvriers-au-travail_600_r-scaled-e1750088501577-1536x745.jpg 1536w, https:\/\/histoiredemaska.com\/wp-content\/uploads\/2025\/06\/Ouvriers-au-travail_600_r-scaled-e1750088501577-2048x994.jpg 2048w, https:\/\/histoiredemaska.com\/wp-content\/uploads\/2025\/06\/Ouvriers-au-travail_600_r-scaled-e1750088501577-600x291.jpg 600w\" sizes=\"(max-width: 1024px) 100vw, 1024px\" \/><\/a><figcaption id=\"caption-attachment-7054\" class=\"wp-caption-text\">Ouvriers au travail tir\u00e9 de Luc Cordeau et al., Op. cit.<\/figcaption><\/figure>\n<p>Le processus comprend 5 \u00e9tapes :<\/p>\n<p>1) L&#8217;ouverture des balles, la mise en tas de la laine et la pr\u00e9paration du m\u00e9lange de plusieurs balles.<\/p>\n<p>2) Le cardage : op\u00e9ration consistant \u00e0 s\u00e9parer progressivement les fibres les unes des autres, \u00e0 les parall\u00e9liser et \u00e0 les m\u00e9langer. En sortie de carde, le voile de carde est transform\u00e9 en ruban card\u00e9, qui sera d\u00e9pos\u00e9 dans un pot de carde.<\/p>\n<p>3) L\u2019\u00e9tirage : deux passages suivent le cardage. L\u2019op\u00e9ration d\u2019\u00e9tirage m\u00e9lange plusieurs rubans card\u00e9s et poursuit la parall\u00e9lisation des fibres.<\/p>\n<p>4) Le peignage : op\u00e9ration essentielle pour nettoyer les rubans card\u00e9s \u00e9tir\u00e9s en enlevant les impuret\u00e9s, les fibres tr\u00e8s courtes, les boutons de fibres enroul\u00e9es.<\/p>\n<p>5) La derni\u00e8re \u00e9tape offre la pr\u00e9sentation de la laine en ruban peign\u00e9 press\u00e9 : \u00e0 l\u2019issue du peignage, le ruban peign\u00e9 est d\u00e9pos\u00e9 dans un pot. Ils proc\u00e8dent ensuite \u00e0 deux passages d\u2019\u00e9tirage, dont la fonction est de donner de la coh\u00e9sion au ruban peign\u00e9 final. \u00c0 l\u2019issue du deuxi\u00e8me passage, le ruban d\u00e9pos\u00e9 dans un pot est press\u00e9 et ficel\u00e9 sous la forme d\u2019un top (ruban) de 10 kg environ qui pourront \u00eatre fil\u00e9es en syst\u00e8me laine. Pour tout conna\u00eetre, consulter\u00a0: <em>https:\/\/lanatheque.fr\/services\/cardage-et-peignage-a-facon\/ <\/em><\/p>\n<p><em>\u00a0<\/em><\/p>\n<figure id=\"attachment_7056\" aria-describedby=\"caption-attachment-7056\" style=\"width: 671px\" class=\"wp-caption aligncenter\"><a href=\"https:\/\/histoiredemaska.com\/wp-content\/uploads\/2025\/06\/Ruban-peigne-1048x1600-1.jpg\"><img decoding=\"async\" class=\"wp-image-7056 size-large\" src=\"https:\/\/histoiredemaska.com\/wp-content\/uploads\/2025\/06\/Ruban-peigne-1048x1600-1-671x1024.jpg\" alt=\"ruban paign\u00e9e\" width=\"671\" height=\"1024\" srcset=\"https:\/\/histoiredemaska.com\/wp-content\/uploads\/2025\/06\/Ruban-peigne-1048x1600-1-671x1024.jpg 671w, https:\/\/histoiredemaska.com\/wp-content\/uploads\/2025\/06\/Ruban-peigne-1048x1600-1-197x300.jpg 197w, https:\/\/histoiredemaska.com\/wp-content\/uploads\/2025\/06\/Ruban-peigne-1048x1600-1-768x1173.jpg 768w, https:\/\/histoiredemaska.com\/wp-content\/uploads\/2025\/06\/Ruban-peigne-1048x1600-1-1006x1536.jpg 1006w, https:\/\/histoiredemaska.com\/wp-content\/uploads\/2025\/06\/Ruban-peigne-1048x1600-1-600x916.jpg 600w, https:\/\/histoiredemaska.com\/wp-content\/uploads\/2025\/06\/Ruban-peigne-1048x1600-1.jpg 1048w\" sizes=\"(max-width: 671px) 100vw, 671px\" \/><\/a><figcaption id=\"caption-attachment-7056\" class=\"wp-caption-text\">Ruban peign\u00e9 tir\u00e9 du site Internet https:\/\/lanatheque.fr\/services\/cardage-et-peignage-a-facon\/ (Page consult\u00e9e le 17-04-2025)<\/figcaption><\/figure>\n<p>La laine \u00e9tait import\u00e9e d\u2019Australie et de Nouvelle-Z\u00e9lande. Avec le temps, la manufacture s\u2019est diversifi\u00e9e dans les fils \u00e0 tapis et les fils pour tricots.<\/p>\n<p>&nbsp;<\/p>\n<h3><strong>Un travail d\u2019\u00e9quipe<\/strong><\/h3>\n<p>Toutes ces ann\u00e9es, Monsieur Lebeau fut constamment soutenu par son \u00e9pouse Marie-Jeanne Beaudoin qui ajouta en compl\u00e9ment une entreprise de pelotonnement de fils \u00e0 tricoter. En ajoutant une boutique de vente d\u2019articles \u00e0 tricoter, elle a su partager sa passion avec plusieurs personnes de Saint\u2011Pie.<\/p>\n<p>&nbsp;<\/p>\n<figure id=\"attachment_7058\" aria-describedby=\"caption-attachment-7058\" style=\"width: 800px\" class=\"wp-caption aligncenter\"><a href=\"https:\/\/histoiredemaska.com\/wp-content\/uploads\/2025\/06\/Amedee-Lebeau-et-Marie-Jeanne_600_r-scaled.jpg\"><img loading=\"lazy\" decoding=\"async\" class=\"size-large wp-image-7058\" src=\"https:\/\/histoiredemaska.com\/wp-content\/uploads\/2025\/06\/Amedee-Lebeau-et-Marie-Jeanne_600_r-1024x571.jpg\" alt=\"Am\u00e9d\u00e9e et Marie-Jeanne Lebeau\" width=\"800\" height=\"446\" srcset=\"https:\/\/histoiredemaska.com\/wp-content\/uploads\/2025\/06\/Amedee-Lebeau-et-Marie-Jeanne_600_r-1024x571.jpg 1024w, https:\/\/histoiredemaska.com\/wp-content\/uploads\/2025\/06\/Amedee-Lebeau-et-Marie-Jeanne_600_r-300x167.jpg 300w, https:\/\/histoiredemaska.com\/wp-content\/uploads\/2025\/06\/Amedee-Lebeau-et-Marie-Jeanne_600_r-768x428.jpg 768w, https:\/\/histoiredemaska.com\/wp-content\/uploads\/2025\/06\/Amedee-Lebeau-et-Marie-Jeanne_600_r-1536x856.jpg 1536w, https:\/\/histoiredemaska.com\/wp-content\/uploads\/2025\/06\/Amedee-Lebeau-et-Marie-Jeanne_600_r-2048x1142.jpg 2048w, https:\/\/histoiredemaska.com\/wp-content\/uploads\/2025\/06\/Amedee-Lebeau-et-Marie-Jeanne_600_r-600x334.jpg 600w\" sizes=\"(max-width: 800px) 100vw, 800px\" \/><\/a><figcaption id=\"caption-attachment-7058\" class=\"wp-caption-text\">Am\u00e9d\u00e9e Lebeau (1915-2008) et Marie-Jeanne Beaudoin (1921-2002) tir\u00e9 de Luc Cordeau et al, Op. cit.<\/figcaption><\/figure>\n<p>La compagnie fut vendue en 1973 aux Textiles Aronelle qui y poursuivirent les op\u00e9rations durant 4 ans. D\u00e9molie en 1978, la b\u00e2tisse fit place \u00e0 la 2<sup>e<\/sup> meunerie des Guertin.<\/p>\n<p>&nbsp;<\/p>\n<p>Un article de Richard St-Pierre tir\u00e9 de la chronique \u00ab Histoire et patrimoine \u00bb de <em>l\u2019\u00c9cho de ma ville<\/em> (le bulletin municipal de Saint-Pie) paru en mars 2023.<\/p>\n<p>&nbsp;<\/p>\n","protected":false},"featured_media":7060,"template":"","auteur":[131],"categorie-dhistoire":[71],"class_list":["post-7051","histoire","type-histoire","status-publish","has-post-thumbnail","hentry","auteur-richard-saint-pierre","categorie-dhistoire-industries"],"acf":[],"_links":{"self":[{"href":"https:\/\/histoiredemaska.com\/en\/wp-json\/wp\/v2\/histoire\/7051","targetHints":{"allow":["GET"]}}],"collection":[{"href":"https:\/\/histoiredemaska.com\/en\/wp-json\/wp\/v2\/histoire"}],"about":[{"href":"https:\/\/histoiredemaska.com\/en\/wp-json\/wp\/v2\/types\/histoire"}],"version-history":[{"count":5,"href":"https:\/\/histoiredemaska.com\/en\/wp-json\/wp\/v2\/histoire\/7051\/revisions"}],"predecessor-version":[{"id":7106,"href":"https:\/\/histoiredemaska.com\/en\/wp-json\/wp\/v2\/histoire\/7051\/revisions\/7106"}],"wp:featuredmedia":[{"embeddable":true,"href":"https:\/\/histoiredemaska.com\/en\/wp-json\/wp\/v2\/media\/7060"}],"wp:attachment":[{"href":"https:\/\/histoiredemaska.com\/en\/wp-json\/wp\/v2\/media?parent=7051"}],"wp:term":[{"taxonomy":"auteur","embeddable":true,"href":"https:\/\/histoiredemaska.com\/en\/wp-json\/wp\/v2\/auteur?post=7051"},{"taxonomy":"categorie-dhistoire","embeddable":true,"href":"https:\/\/histoiredemaska.com\/en\/wp-json\/wp\/v2\/categorie-dhistoire?post=7051"}],"curies":[{"name":"wp","href":"https:\/\/api.w.org\/{rel}","templated":true}]}}

Les Peignages LEBEAU ltée

<p>Sur mon chemin d’école, je voyageais souvent par le sentier longeant le chemin de fer (quand ce n’était pas en marchant sur le rail!). Un établissement en bloc de ciment m’intriguait tant par sa structure que par ce qu’il pouvait contenir.</p>
<figure id="attachment_7052" aria-describedby="caption-attachment-7052" style="width: 1024px" class="wp-caption aligncenter"><a href="https://histoiredemaska.com/wp-content/uploads/2025/06/Batiment-original_600_r-scaled-e1750088147873.jpg"><img fetchpriority="high" decoding="async" class="wp-image-7052 size-large" src="https://histoiredemaska.com/wp-content/uploads/2025/06/Batiment-original_600_r-scaled-e1750088147873-1024x372.jpg" alt="peignage Lebeau" width="1024" height="372" srcset="https://histoiredemaska.com/wp-content/uploads/2025/06/Batiment-original_600_r-scaled-e1750088147873-1024x372.jpg 1024w, https://histoiredemaska.com/wp-content/uploads/2025/06/Batiment-original_600_r-scaled-e1750088147873-300x109.jpg 300w, https://histoiredemaska.com/wp-content/uploads/2025/06/Batiment-original_600_r-scaled-e1750088147873-768x279.jpg 768w, https://histoiredemaska.com/wp-content/uploads/2025/06/Batiment-original_600_r-scaled-e1750088147873-1536x558.jpg 1536w, https://histoiredemaska.com/wp-content/uploads/2025/06/Batiment-original_600_r-scaled-e1750088147873-2048x744.jpg 2048w, https://histoiredemaska.com/wp-content/uploads/2025/06/Batiment-original_600_r-scaled-e1750088147873-600x218.jpg 600w" sizes="(max-width: 1024px) 100vw, 1024px" /></a><figcaption id="caption-attachment-7052" class="wp-caption-text">Les Peignages Lebeau, bâtiment original tiré de Luc Cordeau et al. Saint-Pie, 1828-2003, une paroisse, un village, une ville, une histoire. Sherbrooke, Éditions Louis Bilodeau, 2003, p. 216.</figcaption></figure>
<p>Je ne connaissais rien de l‘existence de la manufacture de blocs de ciment qui existait dans ces parages dans les années 1910. Puis un jour, mon frère y a travaillé, ce qui m’a permis un aperçu de son intérieur. J’y ai aussi travaillé sur une très courte période. Ce furent, en fait, mes premières paies.</p>
<p>&nbsp;</p>
<p>Fondé en 1948 par Amédée Lebeau, professeur à l’Institut des textiles de Saint‑Hyacinthe, l’entreprise s’installe tout d’abord dans un ancien poulailler. À la suite d’un incendie majeur, l’entreprise déménage rue Saint‑Paul dans l’ancienne usine de stores vénitiens de Monsieur Bousquet sise où se trouve aujourd’hui la Meunerie F. Ménard.</p>
<p>&nbsp;</p>
<h3><strong>Cardage et peignage de la laine</strong></h3>
<p>Le livre de <em>Saint‑Pie, 1828- 2003</em>, nous informe que le procédé de fabrication qu’on y installe est une première au Canada : l’opération de cardage et peignage de la laine emploie le système français.</p>
<p>&nbsp;</p>
<figure id="attachment_7054" aria-describedby="caption-attachment-7054" style="width: 1024px" class="wp-caption aligncenter"><a href="https://histoiredemaska.com/wp-content/uploads/2025/06/Ouvriers-au-travail_600_r-scaled.jpg"><img decoding="async" class="wp-image-7054 size-large" src="https://histoiredemaska.com/wp-content/uploads/2025/06/Ouvriers-au-travail_600_r-scaled-e1750088501577-1024x497.jpg" alt="Ouvriers Peignage Lebeau" width="1024" height="497" srcset="https://histoiredemaska.com/wp-content/uploads/2025/06/Ouvriers-au-travail_600_r-scaled-e1750088501577-1024x497.jpg 1024w, https://histoiredemaska.com/wp-content/uploads/2025/06/Ouvriers-au-travail_600_r-scaled-e1750088501577-300x146.jpg 300w, https://histoiredemaska.com/wp-content/uploads/2025/06/Ouvriers-au-travail_600_r-scaled-e1750088501577-768x373.jpg 768w, https://histoiredemaska.com/wp-content/uploads/2025/06/Ouvriers-au-travail_600_r-scaled-e1750088501577-1536x745.jpg 1536w, https://histoiredemaska.com/wp-content/uploads/2025/06/Ouvriers-au-travail_600_r-scaled-e1750088501577-2048x994.jpg 2048w, https://histoiredemaska.com/wp-content/uploads/2025/06/Ouvriers-au-travail_600_r-scaled-e1750088501577-600x291.jpg 600w" sizes="(max-width: 1024px) 100vw, 1024px" /></a><figcaption id="caption-attachment-7054" class="wp-caption-text">Ouvriers au travail tiré de Luc Cordeau et al., Op. cit.</figcaption></figure>
<p>Le processus comprend 5 étapes :</p>
<p>1) L&#8217;ouverture des balles, la mise en tas de la laine et la préparation du mélange de plusieurs balles.</p>
<p>2) Le cardage : opération consistant à séparer progressivement les fibres les unes des autres, à les paralléliser et à les mélanger. En sortie de carde, le voile de carde est transformé en ruban cardé, qui sera déposé dans un pot de carde.</p>
<p>3) L’étirage : deux passages suivent le cardage. L’opération d’étirage mélange plusieurs rubans cardés et poursuit la parallélisation des fibres.</p>
<p>4) Le peignage : opération essentielle pour nettoyer les rubans cardés étirés en enlevant les impuretés, les fibres très courtes, les boutons de fibres enroulées.</p>
<p>5) La dernière étape offre la présentation de la laine en ruban peigné pressé : à l’issue du peignage, le ruban peigné est déposé dans un pot. Ils procèdent ensuite à deux passages d’étirage, dont la fonction est de donner de la cohésion au ruban peigné final. À l’issue du deuxième passage, le ruban déposé dans un pot est pressé et ficelé sous la forme d’un top (ruban) de 10 kg environ qui pourront être filées en système laine. Pour tout connaître, consulter : <em>https://lanatheque.fr/services/cardage-et-peignage-a-facon/ </em></p>
<p><em> </em></p>
<figure id="attachment_7056" aria-describedby="caption-attachment-7056" style="width: 671px" class="wp-caption aligncenter"><a href="https://histoiredemaska.com/wp-content/uploads/2025/06/Ruban-peigne-1048x1600-1.jpg"><img decoding="async" class="wp-image-7056 size-large" src="https://histoiredemaska.com/wp-content/uploads/2025/06/Ruban-peigne-1048x1600-1-671x1024.jpg" alt="ruban paignée" width="671" height="1024" srcset="https://histoiredemaska.com/wp-content/uploads/2025/06/Ruban-peigne-1048x1600-1-671x1024.jpg 671w, https://histoiredemaska.com/wp-content/uploads/2025/06/Ruban-peigne-1048x1600-1-197x300.jpg 197w, https://histoiredemaska.com/wp-content/uploads/2025/06/Ruban-peigne-1048x1600-1-768x1173.jpg 768w, https://histoiredemaska.com/wp-content/uploads/2025/06/Ruban-peigne-1048x1600-1-1006x1536.jpg 1006w, https://histoiredemaska.com/wp-content/uploads/2025/06/Ruban-peigne-1048x1600-1-600x916.jpg 600w, https://histoiredemaska.com/wp-content/uploads/2025/06/Ruban-peigne-1048x1600-1.jpg 1048w" sizes="(max-width: 671px) 100vw, 671px" /></a><figcaption id="caption-attachment-7056" class="wp-caption-text">Ruban peigné tiré du site Internet https://lanatheque.fr/services/cardage-et-peignage-a-facon/ (Page consultée le 17-04-2025)</figcaption></figure>
<p>La laine était importée d’Australie et de Nouvelle-Zélande. Avec le temps, la manufacture s’est diversifiée dans les fils à tapis et les fils pour tricots.</p>
<p>&nbsp;</p>
<h3><strong>Un travail d’équipe</strong></h3>
<p>Toutes ces années, Monsieur Lebeau fut constamment soutenu par son épouse Marie-Jeanne Beaudoin qui ajouta en complément une entreprise de pelotonnement de fils à tricoter. En ajoutant une boutique de vente d’articles à tricoter, elle a su partager sa passion avec plusieurs personnes de Saint‑Pie.</p>
<p>&nbsp;</p>
<figure id="attachment_7058" aria-describedby="caption-attachment-7058" style="width: 800px" class="wp-caption aligncenter"><a href="https://histoiredemaska.com/wp-content/uploads/2025/06/Amedee-Lebeau-et-Marie-Jeanne_600_r-scaled.jpg"><img loading="lazy" decoding="async" class="size-large wp-image-7058" src="https://histoiredemaska.com/wp-content/uploads/2025/06/Amedee-Lebeau-et-Marie-Jeanne_600_r-1024x571.jpg" alt="Amédée et Marie-Jeanne Lebeau" width="800" height="446" srcset="https://histoiredemaska.com/wp-content/uploads/2025/06/Amedee-Lebeau-et-Marie-Jeanne_600_r-1024x571.jpg 1024w, https://histoiredemaska.com/wp-content/uploads/2025/06/Amedee-Lebeau-et-Marie-Jeanne_600_r-300x167.jpg 300w, https://histoiredemaska.com/wp-content/uploads/2025/06/Amedee-Lebeau-et-Marie-Jeanne_600_r-768x428.jpg 768w, https://histoiredemaska.com/wp-content/uploads/2025/06/Amedee-Lebeau-et-Marie-Jeanne_600_r-1536x856.jpg 1536w, https://histoiredemaska.com/wp-content/uploads/2025/06/Amedee-Lebeau-et-Marie-Jeanne_600_r-2048x1142.jpg 2048w, https://histoiredemaska.com/wp-content/uploads/2025/06/Amedee-Lebeau-et-Marie-Jeanne_600_r-600x334.jpg 600w" sizes="(max-width: 800px) 100vw, 800px" /></a><figcaption id="caption-attachment-7058" class="wp-caption-text">Amédée Lebeau (1915-2008) et Marie-Jeanne Beaudoin (1921-2002) tiré de Luc Cordeau et al, Op. cit.</figcaption></figure>
<p>La compagnie fut vendue en 1973 aux Textiles Aronelle qui y poursuivirent les opérations durant 4 ans. Démolie en 1978, la bâtisse fit place à la 2<sup>e</sup> meunerie des Guertin.</p>
<p>&nbsp;</p>
<p>Un article de Richard St-Pierre tiré de la chronique « Histoire et patrimoine » de <em>l’Écho de ma ville</em> (le bulletin municipal de Saint-Pie) paru en mars 2023.</p>
<p>&nbsp;</p>
