{"id":7569,"date":"2025-10-06T13:40:42","date_gmt":"2025-10-06T17:40:42","guid":{"rendered":"https:\/\/histoiredemaska.com\/?post_type=histoire&#038;p=7569"},"modified":"2025-10-06T13:40:42","modified_gmt":"2025-10-06T17:40:42","slug":"la-naissance-de-pro-organo","status":"publish","type":"histoire","link":"https:\/\/histoiredemaska.com\/en\/histoire\/la-naissance-de-pro-organo\/","title":{"rendered":"La naissance de Pro Organo"},"content":{"rendered":"<p>Voici, tel que racont\u00e9 par Jean Morissette, l&#8217;un de ses fondateurs, l&#8217;histoire de la naissance du mouvement culturel <em>Pro Organo.<\/em><\/p>\n<p>\u00ab Un soir de mai 1970, apr\u00e8s une r\u00e9union tenue aux locaux du Conservatoire de Montr\u00e9al, j\u2019invite les organistes Paul Vigeant de Saint-Hyacinthe, R\u00e9jean Poirier r\u00e9sidant alors \u00e0 Saint-Jean-sur-Richelieu et Jacques Desroches de Joliette \u00e0 venir prendre un caf\u00e9\u2026 Je voulais leur parler d&#8217;un projet que j&#8217;avais.<\/p>\n<p>\u00c9tant tous les quatre finissants des classes d\u2019orgue du Conservatoire de Montr\u00e9al, une discussion concernant l\u2019avenir des jeunes organistes concertistes s\u2019est vite amorc\u00e9e : quand donc auront-ils l\u2019occasion de se produire ? Chaque ann\u00e9e, les classes d\u2019orgue des institutions d\u2019enseignement sup\u00e9rieur de la musique produisent des nouveaux concertistes, et pourtant, seules quelques soci\u00e9t\u00e9s de diffusion de r\u00e9citals d\u2019orgue existent.<\/p>\n<p>C\u2019est alors que je fais remarquer \u00e0 mes confr\u00e8res le fait qu\u2019il n\u2019existe des soci\u00e9t\u00e9s d\u2019orgue qu\u2019\u00e0 Montr\u00e9al et \u00e0 Qu\u00e9bec. Il serait donc opportun de cr\u00e9er une nouvelle soci\u00e9t\u00e9 qui ait comme vocation d\u2019organiser des r\u00e9citals d\u2019orgue en province, d\u2019autant plus que ces r\u00e9alisations auraient comme effet d\u2019enrichir la vie culturelle des r\u00e9gions o\u00f9 elles auraient lieu. Comme point de d\u00e9part, chacun des membres du groupe alors r\u00e9unis pourraient sans doute implanter un centre r\u00e9gional dans la ville o\u00f9 il habite. Il est donc convenu qu\u2019apr\u00e8s une p\u00e9riode de r\u00e9flexion, une nouvelle r\u00e9union soit tenue.<\/p>\n<figure id=\"attachment_7573\" aria-describedby=\"caption-attachment-7573\" style=\"width: 375px\" class=\"wp-caption aligncenter\"><img fetchpriority=\"high\" decoding=\"async\" class=\"wp-image-7573\" src=\"https:\/\/histoiredemaska.com\/wp-content\/uploads\/2025\/10\/Paul-Vigeant057-194x300.jpg\" alt=\"\" width=\"375\" height=\"580\" srcset=\"https:\/\/histoiredemaska.com\/wp-content\/uploads\/2025\/10\/Paul-Vigeant057-194x300.jpg 194w, https:\/\/histoiredemaska.com\/wp-content\/uploads\/2025\/10\/Paul-Vigeant057-661x1024.jpg 661w, https:\/\/histoiredemaska.com\/wp-content\/uploads\/2025\/10\/Paul-Vigeant057-768x1190.jpg 768w, https:\/\/histoiredemaska.com\/wp-content\/uploads\/2025\/10\/Paul-Vigeant057-991x1536.jpg 991w, https:\/\/histoiredemaska.com\/wp-content\/uploads\/2025\/10\/Paul-Vigeant057-1321x2048.jpg 1321w, https:\/\/histoiredemaska.com\/wp-content\/uploads\/2025\/10\/Paul-Vigeant057-600x930.jpg 600w, https:\/\/histoiredemaska.com\/wp-content\/uploads\/2025\/10\/Paul-Vigeant057-scaled.jpg 1652w\" sizes=\"(max-width: 375px) 100vw, 375px\" \/><figcaption id=\"caption-attachment-7573\" class=\"wp-caption-text\">Paul Vigeant, l&#8217;un des fondateurs de Pro Organo. Centre d&#8217;histoire de Saint-Hyacinthe, Fonds CH380 Le Courrier de Saint-Hyacinthe.<\/figcaption><\/figure>\n<p>D\u00e8s la r\u00e9union suivante, c\u2019est avec enthousiasme qu\u2019il est d\u00e9cid\u00e9 de fonder un mouvement culturel sans but lucratif qui ait la vocation de promouvoir l\u2019orgue \u00e0 tuyaux en province. Il portera le nom de <em>Pro Organo<\/em> et ne favorisera aucune \u00e9cole d\u2019orgue en particulier.\u00a0 \u00c0 l\u2019occasion, pourront s\u2019adjoindre \u00e0 l\u2019orgue d\u2019autres instruments, des ensembles vocaux, etc. S\u2019ouvriront d\u00e8s la premi\u00e8re ann\u00e9e des centre r\u00e9gionaux \u00e0 Saint-Hyacinthe, Saint-Jean-sur-Richelieu et Joliette. Ces centres r\u00e9gionaux seront chapeaut\u00e9s par un comit\u00e9 central ayant comme mission de les soutenir et de promouvoir dans le futur l\u2019ouverture de nouveaux centres. Guy Therrien, facteur d\u2019orgues de Saint-Hyacinthe, se joint bient\u00f4t au groupe des membres fondateurs. D\u00e8s la premi\u00e8re saison, un comit\u00e9 de b\u00e9n\u00e9voles est mis sur pied dans chaque centre, chacun de ces centres offrant une saison de sept concerts.<\/p>\n<p>L\u2019ann\u00e9e suivante, le centre de Saint-Jean-sur-Richelieu terminera ses activit\u00e9s, \u00e0 la suite du d\u00e9part de R\u00e9jean Poirier pour des \u00e9tudes en Europe mais les centres r\u00e9gionaux de Varennes et de Trois-Rivi\u00e8res voient le jour. Le centre de Varennes n\u2019a pu subsister, faute de ressources humaines locales.<\/p>\n<p>Le comit\u00e9 central fut malheureusement dissous en 1973 \u00e0 la suite, entre autres, de querelles internes suscit\u00e9es par le fait que le Minist\u00e8re des Affaires culturelles octroyait alors une subvention globale \u00e0 ce comit\u00e9, avec une suggestion de ventilation qui n\u2019\u00e9tait pas \u00e9gale pour chacun des comit\u00e9s \u00a0r\u00e9gionaux . Le centre de Trois-Rivi\u00e8res est d\u00e8s lors devenu une corporation l\u00e9gale ind\u00e9pendante ( Pro Organo Mauricie Inc.) . Il en fut ainsi pour Joliette en 1975 ( Pro Organo Lanaudi\u00e8re Inc. ) et pour Saint-Hyacinthe en 1978 ( Soci\u00e9t\u00e9 culturelle Pro Organo Saint-Hyacinthe Inc.).\u00a0\u00bb<\/p>\n<p><strong>Par:\u00a0<\/strong>Michelle Quintal<\/p>\n","protected":false},"featured_media":7570,"template":"","auteur":[],"categorie-dhistoire":[],"class_list":["post-7569","histoire","type-histoire","status-publish","has-post-thumbnail","hentry"],"acf":[],"_links":{"self":[{"href":"https:\/\/histoiredemaska.com\/en\/wp-json\/wp\/v2\/histoire\/7569","targetHints":{"allow":["GET"]}}],"collection":[{"href":"https:\/\/histoiredemaska.com\/en\/wp-json\/wp\/v2\/histoire"}],"about":[{"href":"https:\/\/histoiredemaska.com\/en\/wp-json\/wp\/v2\/types\/histoire"}],"version-history":[{"count":2,"href":"https:\/\/histoiredemaska.com\/en\/wp-json\/wp\/v2\/histoire\/7569\/revisions"}],"predecessor-version":[{"id":7575,"href":"https:\/\/histoiredemaska.com\/en\/wp-json\/wp\/v2\/histoire\/7569\/revisions\/7575"}],"wp:featuredmedia":[{"embeddable":true,"href":"https:\/\/histoiredemaska.com\/en\/wp-json\/wp\/v2\/media\/7570"}],"wp:attachment":[{"href":"https:\/\/histoiredemaska.com\/en\/wp-json\/wp\/v2\/media?parent=7569"}],"wp:term":[{"taxonomy":"auteur","embeddable":true,"href":"https:\/\/histoiredemaska.com\/en\/wp-json\/wp\/v2\/auteur?post=7569"},{"taxonomy":"categorie-dhistoire","embeddable":true,"href":"https:\/\/histoiredemaska.com\/en\/wp-json\/wp\/v2\/categorie-dhistoire?post=7569"}],"curies":[{"name":"wp","href":"https:\/\/api.w.org\/{rel}","templated":true}]}}

<p>Voici, tel que raconté par Jean Morissette, l&#8217;un de ses fondateurs, l&#8217;histoire de la naissance du mouvement culturel <em>Pro Organo.</em></p>
<p>« Un soir de mai 1970, après une réunion tenue aux locaux du Conservatoire de Montréal, j’invite les organistes Paul Vigeant de Saint-Hyacinthe, Réjean Poirier résidant alors à Saint-Jean-sur-Richelieu et Jacques Desroches de Joliette à venir prendre un café… Je voulais leur parler d&#8217;un projet que j&#8217;avais.</p>
<p>Étant tous les quatre finissants des classes d’orgue du Conservatoire de Montréal, une discussion concernant l’avenir des jeunes organistes concertistes s’est vite amorcée : quand donc auront-ils l’occasion de se produire ? Chaque année, les classes d’orgue des institutions d’enseignement supérieur de la musique produisent des nouveaux concertistes, et pourtant, seules quelques sociétés de diffusion de récitals d’orgue existent.</p>
<p>C’est alors que je fais remarquer à mes confrères le fait qu’il n’existe des sociétés d’orgue qu’à Montréal et à Québec. Il serait donc opportun de créer une nouvelle société qui ait comme vocation d’organiser des récitals d’orgue en province, d’autant plus que ces réalisations auraient comme effet d’enrichir la vie culturelle des régions où elles auraient lieu. Comme point de départ, chacun des membres du groupe alors réunis pourraient sans doute implanter un centre régional dans la ville où il habite. Il est donc convenu qu’après une période de réflexion, une nouvelle réunion soit tenue.</p>
<figure id="attachment_7573" aria-describedby="caption-attachment-7573" style="width: 375px" class="wp-caption aligncenter"><img fetchpriority="high" decoding="async" class="wp-image-7573" src="https://histoiredemaska.com/wp-content/uploads/2025/10/Paul-Vigeant057-194x300.jpg" alt="" width="375" height="580" srcset="https://histoiredemaska.com/wp-content/uploads/2025/10/Paul-Vigeant057-194x300.jpg 194w, https://histoiredemaska.com/wp-content/uploads/2025/10/Paul-Vigeant057-661x1024.jpg 661w, https://histoiredemaska.com/wp-content/uploads/2025/10/Paul-Vigeant057-768x1190.jpg 768w, https://histoiredemaska.com/wp-content/uploads/2025/10/Paul-Vigeant057-991x1536.jpg 991w, https://histoiredemaska.com/wp-content/uploads/2025/10/Paul-Vigeant057-1321x2048.jpg 1321w, https://histoiredemaska.com/wp-content/uploads/2025/10/Paul-Vigeant057-600x930.jpg 600w, https://histoiredemaska.com/wp-content/uploads/2025/10/Paul-Vigeant057-scaled.jpg 1652w" sizes="(max-width: 375px) 100vw, 375px" /><figcaption id="caption-attachment-7573" class="wp-caption-text">Paul Vigeant, l&#8217;un des fondateurs de Pro Organo. Centre d&#8217;histoire de Saint-Hyacinthe, Fonds CH380 Le Courrier de Saint-Hyacinthe.</figcaption></figure>
<p>Dès la réunion suivante, c’est avec enthousiasme qu’il est décidé de fonder un mouvement culturel sans but lucratif qui ait la vocation de promouvoir l’orgue à tuyaux en province. Il portera le nom de <em>Pro Organo</em> et ne favorisera aucune école d’orgue en particulier.  À l’occasion, pourront s’adjoindre à l’orgue d’autres instruments, des ensembles vocaux, etc. S’ouvriront dès la première année des centre régionaux à Saint-Hyacinthe, Saint-Jean-sur-Richelieu et Joliette. Ces centres régionaux seront chapeautés par un comité central ayant comme mission de les soutenir et de promouvoir dans le futur l’ouverture de nouveaux centres. Guy Therrien, facteur d’orgues de Saint-Hyacinthe, se joint bientôt au groupe des membres fondateurs. Dès la première saison, un comité de bénévoles est mis sur pied dans chaque centre, chacun de ces centres offrant une saison de sept concerts.</p>
<p>L’année suivante, le centre de Saint-Jean-sur-Richelieu terminera ses activités, à la suite du départ de Réjean Poirier pour des études en Europe mais les centres régionaux de Varennes et de Trois-Rivières voient le jour. Le centre de Varennes n’a pu subsister, faute de ressources humaines locales.</p>
<p>Le comité central fut malheureusement dissous en 1973 à la suite, entre autres, de querelles internes suscitées par le fait que le Ministère des Affaires culturelles octroyait alors une subvention globale à ce comité, avec une suggestion de ventilation qui n’était pas égale pour chacun des comités  régionaux . Le centre de Trois-Rivières est dès lors devenu une corporation légale indépendante ( Pro Organo Mauricie Inc.) . Il en fut ainsi pour Joliette en 1975 ( Pro Organo Lanaudière Inc. ) et pour Saint-Hyacinthe en 1978 ( Société culturelle Pro Organo Saint-Hyacinthe Inc.). »</p>
<p><strong>Par: </strong>Michelle Quintal</p>
