{"id":7986,"date":"2026-01-14T14:27:32","date_gmt":"2026-01-14T19:27:32","guid":{"rendered":"https:\/\/histoiredemaska.com\/?post_type=histoire&#038;p=7986"},"modified":"2026-01-14T14:27:32","modified_gmt":"2026-01-14T19:27:32","slug":"boulangerie-st-pie","status":"publish","type":"histoire","link":"https:\/\/histoiredemaska.com\/en\/histoire\/boulangerie-st-pie\/","title":{"rendered":"Boulangerie St-Pie"},"content":{"rendered":"<p>Le 10 mai 2023, la vieille boulangerie du 248 de la rue Saint\u2011Paul \u00e0 Saint-Pie est tomb\u00e9e sous le pic des d\u00e9molisseurs. Quel \u00e2ge avait-elle donc? On la voit d\u00e9j\u00e0 sur le plan d\u2019assurance dessin\u00e9 par <em>Chas. E. Goad<\/em>, en 1906.<\/p>\n<figure id=\"attachment_7987\" aria-describedby=\"caption-attachment-7987\" style=\"width: 300px\" class=\"wp-caption aligncenter\"><a href=\"https:\/\/histoiredemaska.com\/wp-content\/uploads\/2026\/01\/Plan-1906-Ste-Cecile-St-Paul_rR.jpg\"><img fetchpriority=\"high\" decoding=\"async\" class=\"wp-image-7987 size-medium\" src=\"https:\/\/histoiredemaska.com\/wp-content\/uploads\/2026\/01\/Plan-1906-Ste-Cecile-St-Paul_rR-300x195.jpg\" alt=\"\" width=\"300\" height=\"195\" srcset=\"https:\/\/histoiredemaska.com\/wp-content\/uploads\/2026\/01\/Plan-1906-Ste-Cecile-St-Paul_rR-300x195.jpg 300w, https:\/\/histoiredemaska.com\/wp-content\/uploads\/2026\/01\/Plan-1906-Ste-Cecile-St-Paul_rR-1024x665.jpg 1024w, https:\/\/histoiredemaska.com\/wp-content\/uploads\/2026\/01\/Plan-1906-Ste-Cecile-St-Paul_rR-768x499.jpg 768w, https:\/\/histoiredemaska.com\/wp-content\/uploads\/2026\/01\/Plan-1906-Ste-Cecile-St-Paul_rR-1536x998.jpg 1536w, https:\/\/histoiredemaska.com\/wp-content\/uploads\/2026\/01\/Plan-1906-Ste-Cecile-St-Paul_rR-600x390.jpg 600w, https:\/\/histoiredemaska.com\/wp-content\/uploads\/2026\/01\/Plan-1906-Ste-Cecile-St-Paul_rR.jpg 1638w\" sizes=\"(max-width: 300px) 100vw, 300px\" \/><\/a><figcaption id=\"caption-attachment-7987\" class=\"wp-caption-text\">Adaptation du plan de Chas. E. Goad de 1906. Collection de Richard St-Pierre<\/figcaption><\/figure>\n<p>Alfred Gaudette (1848-1921) est du nombre des neuf boulangers nomm\u00e9s au recensement de 1891 pour Saint-Pie. Herm\u00e9n\u00e9gilde Pontbriand (1872-1944) que l\u2019on y retrouvait apprenti, en devient propri\u00e9taire le 2 octobre 1914. Le \u00ab p\u00e8re M\u00e9gil \u00bb, comme nous le d\u00e9crivait sa petite-fille Denise Pontbriand-Lestage (1926-2011), boulangeait t\u00f4t le matin et d\u00e8s 4 heures le p\u00e9trin se mettait en marche pour la production des pains \u00e0 \u00eatre livr\u00e9s dans la journ\u00e9e.<\/p>\n<p>Roland Palardy (1902-1981) qui avait appris le m\u00e9tier avec son beau-p\u00e8re Alfred Gaudette avait une boulangerie tout pr\u00e8s, aujourd\u2019hui le 16, rue Ste-C\u00e9cile. Il aurait transf\u00e9r\u00e9 son entreprise au 248 de la rue St-Paul suite au d\u00e9c\u00e8s de H. Pontbriand en 1944.<\/p>\n<figure id=\"attachment_7989\" aria-describedby=\"caption-attachment-7989\" style=\"width: 300px\" class=\"wp-caption aligncenter\"><a href=\"https:\/\/histoiredemaska.com\/wp-content\/uploads\/2026\/01\/Roland-Palardy-et-ses-employes_rr2.jpg\"><img decoding=\"async\" class=\"size-medium wp-image-7989\" src=\"https:\/\/histoiredemaska.com\/wp-content\/uploads\/2026\/01\/Roland-Palardy-et-ses-employes_rr2-300x246.jpg\" alt=\"\" width=\"300\" height=\"246\" srcset=\"https:\/\/histoiredemaska.com\/wp-content\/uploads\/2026\/01\/Roland-Palardy-et-ses-employes_rr2-300x246.jpg 300w, https:\/\/histoiredemaska.com\/wp-content\/uploads\/2026\/01\/Roland-Palardy-et-ses-employes_rr2-768x631.jpg 768w, https:\/\/histoiredemaska.com\/wp-content\/uploads\/2026\/01\/Roland-Palardy-et-ses-employes_rr2-600x493.jpg 600w, https:\/\/histoiredemaska.com\/wp-content\/uploads\/2026\/01\/Roland-Palardy-et-ses-employes_rr2.jpg 801w\" sizes=\"(max-width: 300px) 100vw, 300px\" \/><\/a><figcaption id=\"caption-attachment-7989\" class=\"wp-caption-text\">Roland Palardy et ses employ\u00e9s. Photo du livre Saint-Pie 1828-2003, p. 382<\/figcaption><\/figure>\n<p>Avec ses fils Marcel (1924-1948) et Maurice (1926-2018) ainsi qu\u2019avec Georges Blais (1923-2012), ils ont produit pains, <em>nourolles<\/em>, g\u00e2teaux, beignes, et encore \u2026 Bien des couples ont coup\u00e9 le beau g\u00e2teau de noces qu\u2019ils leur avaient confectionn\u00e9.<\/p>\n<p>Les produits furent longtemps livr\u00e9s de maison en maison de par toute la paroisse avec la petite voiture \u00e0 pains attel\u00e9e \u00e0 un cheval. Je me souviens, en autres, de Conrad Rodier (1928-2001).<\/p>\n<figure id=\"attachment_7991\" aria-describedby=\"caption-attachment-7991\" style=\"width: 300px\" class=\"wp-caption aligncenter\"><a href=\"https:\/\/histoiredemaska.com\/wp-content\/uploads\/2026\/01\/Voiture-a-pains-Therese-Bernier-1987-scaled.png\"><img decoding=\"async\" class=\"wp-image-7991 size-medium\" src=\"https:\/\/histoiredemaska.com\/wp-content\/uploads\/2026\/01\/Voiture-a-pains-Therese-Bernier-1987-300x227.png\" alt=\"\" width=\"300\" height=\"227\" srcset=\"https:\/\/histoiredemaska.com\/wp-content\/uploads\/2026\/01\/Voiture-a-pains-Therese-Bernier-1987-300x227.png 300w, https:\/\/histoiredemaska.com\/wp-content\/uploads\/2026\/01\/Voiture-a-pains-Therese-Bernier-1987-1024x777.png 1024w, https:\/\/histoiredemaska.com\/wp-content\/uploads\/2026\/01\/Voiture-a-pains-Therese-Bernier-1987-768x582.png 768w, https:\/\/histoiredemaska.com\/wp-content\/uploads\/2026\/01\/Voiture-a-pains-Therese-Bernier-1987-1536x1165.png 1536w, https:\/\/histoiredemaska.com\/wp-content\/uploads\/2026\/01\/Voiture-a-pains-Therese-Bernier-1987-2048x1553.png 2048w, https:\/\/histoiredemaska.com\/wp-content\/uploads\/2026\/01\/Voiture-a-pains-Therese-Bernier-1987-600x455.png 600w\" sizes=\"(max-width: 300px) 100vw, 300px\" \/><\/a><figcaption id=\"caption-attachment-7991\" class=\"wp-caption-text\">Voiture \u00e0 pains dessin\u00e9e par Th\u00e9r\u00e8se Bernard Bernier (1917-2004) tir\u00e9 d\u2019un cahier \u00e0 colorier produit par la municipalit\u00e9 de Saint-Pie en 1987. Centre d\u2019histoire de Saint-Hyacinthe. Fonds CH472 \u00c9cole Notre-Dame-de-la-PAix<\/figcaption><\/figure>\n<p>D\u00e9but des ann\u00e9es 1970, Philippe A. Martin (1933-2014) prend la rel\u00e8ve. Lui succ\u00e9dera Henri Laurence (1935-1998), en 1977; il sera le premier \u00e0 utiliser le nom\u00a0: Boulangerie St-Pie. En 1980, on a trois propri\u00e9taires\u00a0inscrits au registre : Jean-Paul Audet, Raoul Goudreau et Joseph Imbleau. En juin 1982, Ponne Way Leong ach\u00e8te et c\u2019est sous le nom de LA BOULANGERIE DU PAIN FRAN\u00c7AIS inc. qu\u2019il op\u00e8re jusqu\u2019en juin 2005.<\/p>\n<figure id=\"attachment_7993\" aria-describedby=\"caption-attachment-7993\" style=\"width: 225px\" class=\"wp-caption aligncenter\"><a href=\"https:\/\/histoiredemaska.com\/wp-content\/uploads\/2026\/01\/Boulangerie-du-pain-francais-inc.-La-St-Pie-scaled.jpg\"><img loading=\"lazy\" decoding=\"async\" class=\"size-medium wp-image-7993\" src=\"https:\/\/histoiredemaska.com\/wp-content\/uploads\/2026\/01\/Boulangerie-du-pain-francais-inc.-La-St-Pie-225x300.jpg\" alt=\"\" width=\"225\" height=\"300\" srcset=\"https:\/\/histoiredemaska.com\/wp-content\/uploads\/2026\/01\/Boulangerie-du-pain-francais-inc.-La-St-Pie-225x300.jpg 225w, https:\/\/histoiredemaska.com\/wp-content\/uploads\/2026\/01\/Boulangerie-du-pain-francais-inc.-La-St-Pie-768x1024.jpg 768w, https:\/\/histoiredemaska.com\/wp-content\/uploads\/2026\/01\/Boulangerie-du-pain-francais-inc.-La-St-Pie-1152x1536.jpg 1152w, https:\/\/histoiredemaska.com\/wp-content\/uploads\/2026\/01\/Boulangerie-du-pain-francais-inc.-La-St-Pie-1536x2048.jpg 1536w, https:\/\/histoiredemaska.com\/wp-content\/uploads\/2026\/01\/Boulangerie-du-pain-francais-inc.-La-St-Pie-600x800.jpg 600w, https:\/\/histoiredemaska.com\/wp-content\/uploads\/2026\/01\/Boulangerie-du-pain-francais-inc.-La-St-Pie-scaled.jpg 1920w\" sizes=\"(max-width: 225px) 100vw, 225px\" \/><\/a><figcaption id=\"caption-attachment-7993\" class=\"wp-caption-text\">Sac \u00e0 pain sandwich de la Boulangerie du pain fran\u00e7ais. Collection Richard St-Pierre<\/figcaption><\/figure>\n<p>Ponne Way Leong poursuit ses op\u00e9rations avec ALIMENTS LPA inc. jusqu\u2019en 2012. La production de beignes aux patates viendra terminer le chapitre de cet \u00e9tablissement. Leur production \u00e9tait \u00e9coul\u00e9e \u00e0 partir du 3257, rue Beaubien E, Montr\u00e9al. Le commerce cessa au d\u00e9but de 2023.<\/p>\n<p>Une autre boulangerie op\u00e9ra au Village de Saint-Pie, rue Garneau. \u00c9variste Lauzon en \u00e9tait propri\u00e9taire en 1937. Son successeur fut Antonin Desnoyers (1903-1978). Son gendre, Henri Davignon (1925-1996) cessa cette production vers 1958.<\/p>\n<figure id=\"attachment_7995\" aria-describedby=\"caption-attachment-7995\" style=\"width: 224px\" class=\"wp-caption aligncenter\"><a href=\"https:\/\/histoiredemaska.com\/wp-content\/uploads\/2026\/01\/A.-Desnoyers-Pain-Canadien-scaled.jpg\"><img loading=\"lazy\" decoding=\"async\" class=\"size-medium wp-image-7995\" src=\"https:\/\/histoiredemaska.com\/wp-content\/uploads\/2026\/01\/A.-Desnoyers-Pain-Canadien-224x300.jpg\" alt=\"\" width=\"224\" height=\"300\" srcset=\"https:\/\/histoiredemaska.com\/wp-content\/uploads\/2026\/01\/A.-Desnoyers-Pain-Canadien-224x300.jpg 224w, https:\/\/histoiredemaska.com\/wp-content\/uploads\/2026\/01\/A.-Desnoyers-Pain-Canadien-765x1024.jpg 765w, https:\/\/histoiredemaska.com\/wp-content\/uploads\/2026\/01\/A.-Desnoyers-Pain-Canadien-768x1028.jpg 768w, https:\/\/histoiredemaska.com\/wp-content\/uploads\/2026\/01\/A.-Desnoyers-Pain-Canadien-1147x1536.jpg 1147w, https:\/\/histoiredemaska.com\/wp-content\/uploads\/2026\/01\/A.-Desnoyers-Pain-Canadien-1530x2048.jpg 1530w, https:\/\/histoiredemaska.com\/wp-content\/uploads\/2026\/01\/A.-Desnoyers-Pain-Canadien-600x803.jpg 600w, https:\/\/histoiredemaska.com\/wp-content\/uploads\/2026\/01\/A.-Desnoyers-Pain-Canadien-scaled.jpg 1912w\" sizes=\"(max-width: 224px) 100vw, 224px\" \/><\/a><figcaption id=\"caption-attachment-7995\" class=\"wp-caption-text\">Sac \u00e0 pain A. Desnoyers. Collection Richard St-Pierre<\/figcaption><\/figure>\n<p>Les familles de Saint-Pie ont longtemps profit\u00e9 de ces fours \u00e0 pains pour la cuisson de leurs f\u00e8ves au lard. Les gens apportaient leur pr\u00e9paration \u00e0 mettre \u00e0 cuire dans la nuit du samedi et reprenait leur pot apr\u00e8s les offices du dimanche\u00a0: un service rendu pour une somme tr\u00e8s minime.<\/p>\n<p>&nbsp;<\/p>\n<p>Un article de Richard St-Pierre tir\u00e9 de la chronique \u00ab Histoire et patrimoine \u00bb de <em>l\u2019\u00c9cho de ma ville<\/em> (le bulletin municipal de Saint-Pie) paru en juin 2023.<\/p>\n","protected":false},"featured_media":7997,"template":"","auteur":[131],"categorie-dhistoire":[86],"class_list":["post-7986","histoire","type-histoire","status-publish","has-post-thumbnail","hentry","auteur-richard-saint-pierre","categorie-dhistoire-commerces"],"acf":[],"_links":{"self":[{"href":"https:\/\/histoiredemaska.com\/en\/wp-json\/wp\/v2\/histoire\/7986","targetHints":{"allow":["GET"]}}],"collection":[{"href":"https:\/\/histoiredemaska.com\/en\/wp-json\/wp\/v2\/histoire"}],"about":[{"href":"https:\/\/histoiredemaska.com\/en\/wp-json\/wp\/v2\/types\/histoire"}],"version-history":[{"count":2,"href":"https:\/\/histoiredemaska.com\/en\/wp-json\/wp\/v2\/histoire\/7986\/revisions"}],"predecessor-version":[{"id":8000,"href":"https:\/\/histoiredemaska.com\/en\/wp-json\/wp\/v2\/histoire\/7986\/revisions\/8000"}],"wp:featuredmedia":[{"embeddable":true,"href":"https:\/\/histoiredemaska.com\/en\/wp-json\/wp\/v2\/media\/7997"}],"wp:attachment":[{"href":"https:\/\/histoiredemaska.com\/en\/wp-json\/wp\/v2\/media?parent=7986"}],"wp:term":[{"taxonomy":"auteur","embeddable":true,"href":"https:\/\/histoiredemaska.com\/en\/wp-json\/wp\/v2\/auteur?post=7986"},{"taxonomy":"categorie-dhistoire","embeddable":true,"href":"https:\/\/histoiredemaska.com\/en\/wp-json\/wp\/v2\/categorie-dhistoire?post=7986"}],"curies":[{"name":"wp","href":"https:\/\/api.w.org\/{rel}","templated":true}]}}

<p>Le 10 mai 2023, la vieille boulangerie du 248 de la rue Saint‑Paul à Saint-Pie est tombée sous le pic des démolisseurs. Quel âge avait-elle donc? On la voit déjà sur le plan d’assurance dessiné par <em>Chas. E. Goad</em>, en 1906.</p>
<figure id="attachment_7987" aria-describedby="caption-attachment-7987" style="width: 300px" class="wp-caption aligncenter"><a href="https://histoiredemaska.com/wp-content/uploads/2026/01/Plan-1906-Ste-Cecile-St-Paul_rR.jpg"><img fetchpriority="high" decoding="async" class="wp-image-7987 size-medium" src="https://histoiredemaska.com/wp-content/uploads/2026/01/Plan-1906-Ste-Cecile-St-Paul_rR-300x195.jpg" alt="" width="300" height="195" srcset="https://histoiredemaska.com/wp-content/uploads/2026/01/Plan-1906-Ste-Cecile-St-Paul_rR-300x195.jpg 300w, https://histoiredemaska.com/wp-content/uploads/2026/01/Plan-1906-Ste-Cecile-St-Paul_rR-1024x665.jpg 1024w, https://histoiredemaska.com/wp-content/uploads/2026/01/Plan-1906-Ste-Cecile-St-Paul_rR-768x499.jpg 768w, https://histoiredemaska.com/wp-content/uploads/2026/01/Plan-1906-Ste-Cecile-St-Paul_rR-1536x998.jpg 1536w, https://histoiredemaska.com/wp-content/uploads/2026/01/Plan-1906-Ste-Cecile-St-Paul_rR-600x390.jpg 600w, https://histoiredemaska.com/wp-content/uploads/2026/01/Plan-1906-Ste-Cecile-St-Paul_rR.jpg 1638w" sizes="(max-width: 300px) 100vw, 300px" /></a><figcaption id="caption-attachment-7987" class="wp-caption-text">Adaptation du plan de Chas. E. Goad de 1906. Collection de Richard St-Pierre</figcaption></figure>
<p>Alfred Gaudette (1848-1921) est du nombre des neuf boulangers nommés au recensement de 1891 pour Saint-Pie. Herménégilde Pontbriand (1872-1944) que l’on y retrouvait apprenti, en devient propriétaire le 2 octobre 1914. Le « père Mégil », comme nous le décrivait sa petite-fille Denise Pontbriand-Lestage (1926-2011), boulangeait tôt le matin et dès 4 heures le pétrin se mettait en marche pour la production des pains à être livrés dans la journée.</p>
<p>Roland Palardy (1902-1981) qui avait appris le métier avec son beau-père Alfred Gaudette avait une boulangerie tout près, aujourd’hui le 16, rue Ste-Cécile. Il aurait transféré son entreprise au 248 de la rue St-Paul suite au décès de H. Pontbriand en 1944.</p>
<figure id="attachment_7989" aria-describedby="caption-attachment-7989" style="width: 300px" class="wp-caption aligncenter"><a href="https://histoiredemaska.com/wp-content/uploads/2026/01/Roland-Palardy-et-ses-employes_rr2.jpg"><img decoding="async" class="size-medium wp-image-7989" src="https://histoiredemaska.com/wp-content/uploads/2026/01/Roland-Palardy-et-ses-employes_rr2-300x246.jpg" alt="" width="300" height="246" srcset="https://histoiredemaska.com/wp-content/uploads/2026/01/Roland-Palardy-et-ses-employes_rr2-300x246.jpg 300w, https://histoiredemaska.com/wp-content/uploads/2026/01/Roland-Palardy-et-ses-employes_rr2-768x631.jpg 768w, https://histoiredemaska.com/wp-content/uploads/2026/01/Roland-Palardy-et-ses-employes_rr2-600x493.jpg 600w, https://histoiredemaska.com/wp-content/uploads/2026/01/Roland-Palardy-et-ses-employes_rr2.jpg 801w" sizes="(max-width: 300px) 100vw, 300px" /></a><figcaption id="caption-attachment-7989" class="wp-caption-text">Roland Palardy et ses employés. Photo du livre Saint-Pie 1828-2003, p. 382</figcaption></figure>
<p>Avec ses fils Marcel (1924-1948) et Maurice (1926-2018) ainsi qu’avec Georges Blais (1923-2012), ils ont produit pains, <em>nourolles</em>, gâteaux, beignes, et encore … Bien des couples ont coupé le beau gâteau de noces qu’ils leur avaient confectionné.</p>
<p>Les produits furent longtemps livrés de maison en maison de par toute la paroisse avec la petite voiture à pains attelée à un cheval. Je me souviens, en autres, de Conrad Rodier (1928-2001).</p>
<figure id="attachment_7991" aria-describedby="caption-attachment-7991" style="width: 300px" class="wp-caption aligncenter"><a href="https://histoiredemaska.com/wp-content/uploads/2026/01/Voiture-a-pains-Therese-Bernier-1987-scaled.png"><img decoding="async" class="wp-image-7991 size-medium" src="https://histoiredemaska.com/wp-content/uploads/2026/01/Voiture-a-pains-Therese-Bernier-1987-300x227.png" alt="" width="300" height="227" srcset="https://histoiredemaska.com/wp-content/uploads/2026/01/Voiture-a-pains-Therese-Bernier-1987-300x227.png 300w, https://histoiredemaska.com/wp-content/uploads/2026/01/Voiture-a-pains-Therese-Bernier-1987-1024x777.png 1024w, https://histoiredemaska.com/wp-content/uploads/2026/01/Voiture-a-pains-Therese-Bernier-1987-768x582.png 768w, https://histoiredemaska.com/wp-content/uploads/2026/01/Voiture-a-pains-Therese-Bernier-1987-1536x1165.png 1536w, https://histoiredemaska.com/wp-content/uploads/2026/01/Voiture-a-pains-Therese-Bernier-1987-2048x1553.png 2048w, https://histoiredemaska.com/wp-content/uploads/2026/01/Voiture-a-pains-Therese-Bernier-1987-600x455.png 600w" sizes="(max-width: 300px) 100vw, 300px" /></a><figcaption id="caption-attachment-7991" class="wp-caption-text">Voiture à pains dessinée par Thérèse Bernard Bernier (1917-2004) tiré d’un cahier à colorier produit par la municipalité de Saint-Pie en 1987. Centre d’histoire de Saint-Hyacinthe. Fonds CH472 École Notre-Dame-de-la-PAix</figcaption></figure>
<p>Début des années 1970, Philippe A. Martin (1933-2014) prend la relève. Lui succédera Henri Laurence (1935-1998), en 1977; il sera le premier à utiliser le nom : Boulangerie St-Pie. En 1980, on a trois propriétaires inscrits au registre : Jean-Paul Audet, Raoul Goudreau et Joseph Imbleau. En juin 1982, Ponne Way Leong achète et c’est sous le nom de LA BOULANGERIE DU PAIN FRANÇAIS inc. qu’il opère jusqu’en juin 2005.</p>
<figure id="attachment_7993" aria-describedby="caption-attachment-7993" style="width: 225px" class="wp-caption aligncenter"><a href="https://histoiredemaska.com/wp-content/uploads/2026/01/Boulangerie-du-pain-francais-inc.-La-St-Pie-scaled.jpg"><img loading="lazy" decoding="async" class="size-medium wp-image-7993" src="https://histoiredemaska.com/wp-content/uploads/2026/01/Boulangerie-du-pain-francais-inc.-La-St-Pie-225x300.jpg" alt="" width="225" height="300" srcset="https://histoiredemaska.com/wp-content/uploads/2026/01/Boulangerie-du-pain-francais-inc.-La-St-Pie-225x300.jpg 225w, https://histoiredemaska.com/wp-content/uploads/2026/01/Boulangerie-du-pain-francais-inc.-La-St-Pie-768x1024.jpg 768w, https://histoiredemaska.com/wp-content/uploads/2026/01/Boulangerie-du-pain-francais-inc.-La-St-Pie-1152x1536.jpg 1152w, https://histoiredemaska.com/wp-content/uploads/2026/01/Boulangerie-du-pain-francais-inc.-La-St-Pie-1536x2048.jpg 1536w, https://histoiredemaska.com/wp-content/uploads/2026/01/Boulangerie-du-pain-francais-inc.-La-St-Pie-600x800.jpg 600w, https://histoiredemaska.com/wp-content/uploads/2026/01/Boulangerie-du-pain-francais-inc.-La-St-Pie-scaled.jpg 1920w" sizes="(max-width: 225px) 100vw, 225px" /></a><figcaption id="caption-attachment-7993" class="wp-caption-text">Sac à pain sandwich de la Boulangerie du pain français. Collection Richard St-Pierre</figcaption></figure>
<p>Ponne Way Leong poursuit ses opérations avec ALIMENTS LPA inc. jusqu’en 2012. La production de beignes aux patates viendra terminer le chapitre de cet établissement. Leur production était écoulée à partir du 3257, rue Beaubien E, Montréal. Le commerce cessa au début de 2023.</p>
<p>Une autre boulangerie opéra au Village de Saint-Pie, rue Garneau. Évariste Lauzon en était propriétaire en 1937. Son successeur fut Antonin Desnoyers (1903-1978). Son gendre, Henri Davignon (1925-1996) cessa cette production vers 1958.</p>
<figure id="attachment_7995" aria-describedby="caption-attachment-7995" style="width: 224px" class="wp-caption aligncenter"><a href="https://histoiredemaska.com/wp-content/uploads/2026/01/A.-Desnoyers-Pain-Canadien-scaled.jpg"><img loading="lazy" decoding="async" class="size-medium wp-image-7995" src="https://histoiredemaska.com/wp-content/uploads/2026/01/A.-Desnoyers-Pain-Canadien-224x300.jpg" alt="" width="224" height="300" srcset="https://histoiredemaska.com/wp-content/uploads/2026/01/A.-Desnoyers-Pain-Canadien-224x300.jpg 224w, https://histoiredemaska.com/wp-content/uploads/2026/01/A.-Desnoyers-Pain-Canadien-765x1024.jpg 765w, https://histoiredemaska.com/wp-content/uploads/2026/01/A.-Desnoyers-Pain-Canadien-768x1028.jpg 768w, https://histoiredemaska.com/wp-content/uploads/2026/01/A.-Desnoyers-Pain-Canadien-1147x1536.jpg 1147w, https://histoiredemaska.com/wp-content/uploads/2026/01/A.-Desnoyers-Pain-Canadien-1530x2048.jpg 1530w, https://histoiredemaska.com/wp-content/uploads/2026/01/A.-Desnoyers-Pain-Canadien-600x803.jpg 600w, https://histoiredemaska.com/wp-content/uploads/2026/01/A.-Desnoyers-Pain-Canadien-scaled.jpg 1912w" sizes="(max-width: 224px) 100vw, 224px" /></a><figcaption id="caption-attachment-7995" class="wp-caption-text">Sac à pain A. Desnoyers. Collection Richard St-Pierre</figcaption></figure>
<p>Les familles de Saint-Pie ont longtemps profité de ces fours à pains pour la cuisson de leurs fèves au lard. Les gens apportaient leur préparation à mettre à cuire dans la nuit du samedi et reprenait leur pot après les offices du dimanche : un service rendu pour une somme très minime.</p>
<p>&nbsp;</p>
<p>Un article de Richard St-Pierre tiré de la chronique « Histoire et patrimoine » de <em>l’Écho de ma ville</em> (le bulletin municipal de Saint-Pie) paru en juin 2023.</p>
