{"id":8013,"date":"2026-01-14T15:10:13","date_gmt":"2026-01-14T20:10:13","guid":{"rendered":"https:\/\/histoiredemaska.com\/?post_type=histoire&#038;p=8013"},"modified":"2026-01-14T15:10:13","modified_gmt":"2026-01-14T20:10:13","slug":"les-cloches-de-saint-pie-de-bagot","status":"publish","type":"histoire","link":"https:\/\/histoiredemaska.com\/en\/histoire\/les-cloches-de-saint-pie-de-bagot\/","title":{"rendered":"Les cloches de Saint-Pie-de-Bagot"},"content":{"rendered":"<p>Les cloches actuelles de l\u2019\u00e9glise de Saint-Pie furent achet\u00e9es \u00e0 l\u2019occasion des grands travaux de 1910 et 1911. Elles furent b\u00e9nites le 12 octobre 1911.<\/p>\n<figure id=\"attachment_8016\" aria-describedby=\"caption-attachment-8016\" style=\"width: 300px\" class=\"wp-caption aligncenter\"><a href=\"https:\/\/histoiredemaska.com\/wp-content\/uploads\/2026\/01\/Benediction-des-cloches-12-10-1911.jpg\"><img decoding=\"async\" class=\"size-medium wp-image-8016\" src=\"https:\/\/histoiredemaska.com\/wp-content\/uploads\/2026\/01\/Benediction-des-cloches-12-10-1911-300x154.jpg\" alt=\"\" width=\"300\" height=\"154\" srcset=\"https:\/\/histoiredemaska.com\/wp-content\/uploads\/2026\/01\/Benediction-des-cloches-12-10-1911-300x154.jpg 300w, https:\/\/histoiredemaska.com\/wp-content\/uploads\/2026\/01\/Benediction-des-cloches-12-10-1911-1024x526.jpg 1024w, https:\/\/histoiredemaska.com\/wp-content\/uploads\/2026\/01\/Benediction-des-cloches-12-10-1911-768x394.jpg 768w, https:\/\/histoiredemaska.com\/wp-content\/uploads\/2026\/01\/Benediction-des-cloches-12-10-1911-1536x789.jpg 1536w, https:\/\/histoiredemaska.com\/wp-content\/uploads\/2026\/01\/Benediction-des-cloches-12-10-1911-600x308.jpg 600w, https:\/\/histoiredemaska.com\/wp-content\/uploads\/2026\/01\/Benediction-des-cloches-12-10-1911.jpg 1609w\" sizes=\"(max-width: 300px) 100vw, 300px\" \/><\/a><figcaption id=\"caption-attachment-8016\" class=\"wp-caption-text\">B\u00e9n\u00e9diction des cloches de Saint-Pie-de-Bagot. Collection de Richard St-Pierre.<\/figcaption><\/figure>\n<p>La grosse cloche \u00e0 gauche p\u00e8se 1\u00a0300 livres (590 kg) et porte l\u2019inscription <em>\u00ab Fiat unum ovile et unus pastor \u00bb<\/em> (Qu\u2019il n\u2019y ait plus qu\u2019un troupeau et qu\u2019un pasteur). Elle fut d\u00e9di\u00e9e \u00e0 saint Pie et saint Xiste. Celle au centre a un poids de 900 livres (408 kg) et porte l\u2019inscription <em>\u00ab\u00a0Pax Christi exultet in cordibus vestri \u00bb <\/em>(Laissez la paix du Christ triompher en vos c\u0153urs). Elle fut d\u00e9di\u00e9e \u00e0 saint Am\u00e9d\u00e9e. La petite cloche de droite, d\u2019un poids de 600 livres (272 kg) porte l\u2019inscription <em>\u00ab\u00a0Nos cum Prole pia benedicat Virgo Maria \u00bb<\/em> (Que la Vierge Marie et son Fils tout aimable nous b\u00e9nissent). Cette derni\u00e8re est d\u00e9di\u00e9e \u00e0 saint Pierre et saint Antoine. Elles donnent les notes Sol di\u00e8se, La di\u00e8se et Do di\u00e8se.<\/p>\n<p>Ces cloches ont \u00e9t\u00e9 coul\u00e9es par la maison Paccard d\u2019Annecy-le-Vieux, Haute Savoie, France. Elles furent acquises pour la somme de 1\u00a0127 $. Le bulletin paroissial de 1912 nous informe que le co\u00fbt d\u2019achat des trois cloches fut acquitt\u00e9 par une souscription du Village (455 $), par une souscription de la famille Am\u00e9d\u00e9e Roy (360 $) ce qui explique la cloche d\u00e9di\u00e9e \u00e0 saint Am\u00e9d\u00e9e, par la valeur attribu\u00e9e aux vieilles cloches de m\u00eame que les offrandes re\u00e7ues \u00e0 l\u2019occasion de la b\u00e9n\u00e9diction. Dans le livre <em>Saint\u2011Pie 1828-2003<\/em>, il est \u00e9crit que cet achat se voulait le commencement d\u2019un futur carillon, lequel ne s\u2019est jamais r\u00e9alis\u00e9.<\/p>\n<figure id=\"attachment_8018\" aria-describedby=\"caption-attachment-8018\" style=\"width: 232px\" class=\"wp-caption aligncenter\"><a href=\"https:\/\/histoiredemaska.com\/wp-content\/uploads\/2026\/01\/Photos-avec-logo-portrait-2.png\"><img fetchpriority=\"high\" decoding=\"async\" class=\"size-medium wp-image-8018\" src=\"https:\/\/histoiredemaska.com\/wp-content\/uploads\/2026\/01\/Photos-avec-logo-portrait-2-232x300.png\" alt=\"\" width=\"232\" height=\"300\" srcset=\"https:\/\/histoiredemaska.com\/wp-content\/uploads\/2026\/01\/Photos-avec-logo-portrait-2-232x300.png 232w, https:\/\/histoiredemaska.com\/wp-content\/uploads\/2026\/01\/Photos-avec-logo-portrait-2-791x1024.png 791w, https:\/\/histoiredemaska.com\/wp-content\/uploads\/2026\/01\/Photos-avec-logo-portrait-2-768x994.png 768w, https:\/\/histoiredemaska.com\/wp-content\/uploads\/2026\/01\/Photos-avec-logo-portrait-2-1187x1536.png 1187w, https:\/\/histoiredemaska.com\/wp-content\/uploads\/2026\/01\/Photos-avec-logo-portrait-2-600x776.png 600w, https:\/\/histoiredemaska.com\/wp-content\/uploads\/2026\/01\/Photos-avec-logo-portrait-2.png 1545w\" sizes=\"(max-width: 232px) 100vw, 232px\" \/><\/a><figcaption id=\"caption-attachment-8018\" class=\"wp-caption-text\">Cloche de l\u2019\u00c9glise de Saint-Pie. Centre d\u2019histoire de Saint-Hyacinthe. Fonds CH682 Luc Cordeau<\/figcaption><\/figure>\n<h3><strong>Un repos forc\u00e9 de 4 ans <\/strong><\/h3>\n<p>Le 1<sup>er<\/sup> novembre 2019, de forts vents endommagent l\u2019\u00c9glise de Saint-Pie. Les assureurs exigent la d\u00e9molition du second clocher affect\u00e9 par la chute du premier. Une campagne de financement s\u2019organise d\u00e8s 2020 pour aider \u00e0 payer la r\u00e9paration. Malgr\u00e9 une souscription de 425 000 $, il devenait impossible de refaire les clochers en raison des prix exorbitants. La Fabrique a donc choisi un clocher sobre et, puisque les forts vents sont plus fr\u00e9quents en raison des changements climatiques, on a opt\u00e9 pour un clocher plus solide, c\u2019est-\u00e0-dire moins haut et plus large, afin de bien prot\u00e9ger les cloches.<\/p>\n<figure id=\"attachment_8020\" aria-describedby=\"caption-attachment-8020\" style=\"width: 232px\" class=\"wp-caption aligncenter\"><a href=\"https:\/\/histoiredemaska.com\/wp-content\/uploads\/2026\/01\/Photos-avec-logo-portrait-3.png\"><img decoding=\"async\" class=\"size-medium wp-image-8020\" src=\"https:\/\/histoiredemaska.com\/wp-content\/uploads\/2026\/01\/Photos-avec-logo-portrait-3-232x300.png\" alt=\"\" width=\"232\" height=\"300\" srcset=\"https:\/\/histoiredemaska.com\/wp-content\/uploads\/2026\/01\/Photos-avec-logo-portrait-3-232x300.png 232w, https:\/\/histoiredemaska.com\/wp-content\/uploads\/2026\/01\/Photos-avec-logo-portrait-3-791x1024.png 791w, https:\/\/histoiredemaska.com\/wp-content\/uploads\/2026\/01\/Photos-avec-logo-portrait-3-768x994.png 768w, https:\/\/histoiredemaska.com\/wp-content\/uploads\/2026\/01\/Photos-avec-logo-portrait-3-1187x1536.png 1187w, https:\/\/histoiredemaska.com\/wp-content\/uploads\/2026\/01\/Photos-avec-logo-portrait-3-600x776.png 600w, https:\/\/histoiredemaska.com\/wp-content\/uploads\/2026\/01\/Photos-avec-logo-portrait-3.png 1545w\" sizes=\"(max-width: 232px) 100vw, 232px\" \/><\/a><figcaption id=\"caption-attachment-8020\" class=\"wp-caption-text\">Le 1er novembre 2019, le photographe Fran\u00e7ois Larivi\u00e8re a photographi\u00e9 les dommages de l\u2019\u00e9glise de Saint-Pie. Centre d\u2019histoire de Saint-Hyacinthe, Collection CH478 Soci\u00e9t\u00e9 d\u2019histoire r\u00e9gionale de Saint-Hyacinthe<\/figcaption><\/figure>\n<p><a href=\"https:\/\/histoiredemaska.com\/wp-content\/uploads\/2026\/01\/Photos-avec-logo-portrait-1.png\"><img loading=\"lazy\" decoding=\"async\" class=\"aligncenter size-medium wp-image-8022\" src=\"https:\/\/histoiredemaska.com\/wp-content\/uploads\/2026\/01\/Photos-avec-logo-portrait-1-232x300.png\" alt=\"\" width=\"232\" height=\"300\" srcset=\"https:\/\/histoiredemaska.com\/wp-content\/uploads\/2026\/01\/Photos-avec-logo-portrait-1-232x300.png 232w, https:\/\/histoiredemaska.com\/wp-content\/uploads\/2026\/01\/Photos-avec-logo-portrait-1-791x1024.png 791w, https:\/\/histoiredemaska.com\/wp-content\/uploads\/2026\/01\/Photos-avec-logo-portrait-1-768x994.png 768w, https:\/\/histoiredemaska.com\/wp-content\/uploads\/2026\/01\/Photos-avec-logo-portrait-1-1187x1536.png 1187w, https:\/\/histoiredemaska.com\/wp-content\/uploads\/2026\/01\/Photos-avec-logo-portrait-1-600x776.png 600w, https:\/\/histoiredemaska.com\/wp-content\/uploads\/2026\/01\/Photos-avec-logo-portrait-1.png 1545w\" sizes=\"(max-width: 232px) 100vw, 232px\" \/><\/a><\/p>\n<p>Le 17 novembre 2023, une c\u00e9r\u00e9monie organis\u00e9e sp\u00e9cialement pour le retour des cloches. Plus de 300 paroissiens sont pr\u00e9sents pour vivre ce moment de r\u00e9jouissances. Le 19 novembre, la tradition a \u00e9t\u00e9 reprise de faire sonner les cloches 15 minutes avant la messe. Depuis, elles retentissent aussi tous les midis.<\/p>\n<p>&nbsp;<\/p>\n<h3><strong>Les anciennes cloches avaient \u00e9galement leur histoire <\/strong><\/h3>\n<p>Les anciennes cloches de 1852 furent remises \u00e0 la maison Paccard afin de contribuer au financement de ces nouvelles cloches pour un montant \u00e9valu\u00e9 \u00e0 252$. Au nombre de trois, la premi\u00e8re, 874 livres (396 kg), portait le nom de Pie-Marie-Josephte. La fabrique l\u2019avait acquise. Les deux autres furent un don du cur\u00e9 Joseph Crevier; il y avait Elmire, 418 livres (190 kg) et Jos\u00e9phine, 256 livres (116 kg). La fonderie Meneely de Troy, NY, en avait \u00e9t\u00e9 le ma\u00eetre d\u2019\u0153uvre.<\/p>\n<p>&nbsp;<\/p>\n<p>Durant 58 ans, ces trois cloches avaient accompagn\u00e9 la population de Saint-Pie dans leurs devoirs religieux. Elles avaient \u00e9t\u00e9 solennellement b\u00e9nites le 24 novembre 1853. On sait peu de chose sur les cloches qui les ont pr\u00e9c\u00e9d\u00e9s si ce n\u2019est qu\u2019en 1832 : \u00ab La Fabrique acheta la vieille cloche de Saint-Marc \u00bb tel qu\u2019\u00e9crit dans les Annales.<\/p>\n<figure id=\"attachment_8024\" aria-describedby=\"caption-attachment-8024\" style=\"width: 300px\" class=\"wp-caption aligncenter\"><a href=\"https:\/\/histoiredemaska.com\/wp-content\/uploads\/2026\/01\/Beffroi-Cloches-de-1853-1911.jpg\"><img loading=\"lazy\" decoding=\"async\" class=\"size-medium wp-image-8024\" src=\"https:\/\/histoiredemaska.com\/wp-content\/uploads\/2026\/01\/Beffroi-Cloches-de-1853-1911-300x197.jpg\" alt=\"\" width=\"300\" height=\"197\" srcset=\"https:\/\/histoiredemaska.com\/wp-content\/uploads\/2026\/01\/Beffroi-Cloches-de-1853-1911-300x197.jpg 300w, https:\/\/histoiredemaska.com\/wp-content\/uploads\/2026\/01\/Beffroi-Cloches-de-1853-1911-1024x671.jpg 1024w, https:\/\/histoiredemaska.com\/wp-content\/uploads\/2026\/01\/Beffroi-Cloches-de-1853-1911-768x504.jpg 768w, https:\/\/histoiredemaska.com\/wp-content\/uploads\/2026\/01\/Beffroi-Cloches-de-1853-1911-1536x1007.jpg 1536w, https:\/\/histoiredemaska.com\/wp-content\/uploads\/2026\/01\/Beffroi-Cloches-de-1853-1911-2048x1343.jpg 2048w, https:\/\/histoiredemaska.com\/wp-content\/uploads\/2026\/01\/Beffroi-Cloches-de-1853-1911-600x393.jpg 600w\" sizes=\"(max-width: 300px) 100vw, 300px\" \/><\/a><figcaption id=\"caption-attachment-8024\" class=\"wp-caption-text\">Anciennes cloches de 1852, 1911. Collection de Richard St-Pierre.<\/figcaption><\/figure>\n<p>Tel qu\u2019illustr\u00e9 ci-haut, elles furent install\u00e9es sur un beffroi durant les travaux de restauration de l\u2019\u00e9glise en 1910 et en usage jusqu\u2019au 12 octobre 1911 o\u00f9 elles c\u00e9d\u00e8rent leur place aux nouvelles.<\/p>\n<p>&nbsp;<\/p>\n<p>D\u2019apr\u00e8s un article de Richard St-Pierre tir\u00e9 de la chronique \u00ab Histoire et patrimoine \u00bb de <em>l\u2019\u00c9cho de ma ville<\/em> (le bulletin municipal de Saint-Pie) paru en septembre 2023.<\/p>\n","protected":false},"featured_media":8014,"template":"","auteur":[131],"categorie-dhistoire":[65],"class_list":["post-8013","histoire","type-histoire","status-publish","has-post-thumbnail","hentry","auteur-richard-saint-pierre","categorie-dhistoire-patrimoine-bati"],"acf":[],"_links":{"self":[{"href":"https:\/\/histoiredemaska.com\/en\/wp-json\/wp\/v2\/histoire\/8013","targetHints":{"allow":["GET"]}}],"collection":[{"href":"https:\/\/histoiredemaska.com\/en\/wp-json\/wp\/v2\/histoire"}],"about":[{"href":"https:\/\/histoiredemaska.com\/en\/wp-json\/wp\/v2\/types\/histoire"}],"version-history":[{"count":2,"href":"https:\/\/histoiredemaska.com\/en\/wp-json\/wp\/v2\/histoire\/8013\/revisions"}],"predecessor-version":[{"id":8027,"href":"https:\/\/histoiredemaska.com\/en\/wp-json\/wp\/v2\/histoire\/8013\/revisions\/8027"}],"wp:featuredmedia":[{"embeddable":true,"href":"https:\/\/histoiredemaska.com\/en\/wp-json\/wp\/v2\/media\/8014"}],"wp:attachment":[{"href":"https:\/\/histoiredemaska.com\/en\/wp-json\/wp\/v2\/media?parent=8013"}],"wp:term":[{"taxonomy":"auteur","embeddable":true,"href":"https:\/\/histoiredemaska.com\/en\/wp-json\/wp\/v2\/auteur?post=8013"},{"taxonomy":"categorie-dhistoire","embeddable":true,"href":"https:\/\/histoiredemaska.com\/en\/wp-json\/wp\/v2\/categorie-dhistoire?post=8013"}],"curies":[{"name":"wp","href":"https:\/\/api.w.org\/{rel}","templated":true}]}}

<p>Les cloches actuelles de l’église de Saint-Pie furent achetées à l’occasion des grands travaux de 1910 et 1911. Elles furent bénites le 12 octobre 1911.</p>
<figure id="attachment_8016" aria-describedby="caption-attachment-8016" style="width: 300px" class="wp-caption aligncenter"><a href="https://histoiredemaska.com/wp-content/uploads/2026/01/Benediction-des-cloches-12-10-1911.jpg"><img decoding="async" class="size-medium wp-image-8016" src="https://histoiredemaska.com/wp-content/uploads/2026/01/Benediction-des-cloches-12-10-1911-300x154.jpg" alt="" width="300" height="154" srcset="https://histoiredemaska.com/wp-content/uploads/2026/01/Benediction-des-cloches-12-10-1911-300x154.jpg 300w, https://histoiredemaska.com/wp-content/uploads/2026/01/Benediction-des-cloches-12-10-1911-1024x526.jpg 1024w, https://histoiredemaska.com/wp-content/uploads/2026/01/Benediction-des-cloches-12-10-1911-768x394.jpg 768w, https://histoiredemaska.com/wp-content/uploads/2026/01/Benediction-des-cloches-12-10-1911-1536x789.jpg 1536w, https://histoiredemaska.com/wp-content/uploads/2026/01/Benediction-des-cloches-12-10-1911-600x308.jpg 600w, https://histoiredemaska.com/wp-content/uploads/2026/01/Benediction-des-cloches-12-10-1911.jpg 1609w" sizes="(max-width: 300px) 100vw, 300px" /></a><figcaption id="caption-attachment-8016" class="wp-caption-text">Bénédiction des cloches de Saint-Pie-de-Bagot. Collection de Richard St-Pierre.</figcaption></figure>
<p>La grosse cloche à gauche pèse 1 300 livres (590 kg) et porte l’inscription <em>« Fiat unum ovile et unus pastor »</em> (Qu’il n’y ait plus qu’un troupeau et qu’un pasteur). Elle fut dédiée à saint Pie et saint Xiste. Celle au centre a un poids de 900 livres (408 kg) et porte l’inscription <em>« Pax Christi exultet in cordibus vestri » </em>(Laissez la paix du Christ triompher en vos cœurs). Elle fut dédiée à saint Amédée. La petite cloche de droite, d’un poids de 600 livres (272 kg) porte l’inscription <em>« Nos cum Prole pia benedicat Virgo Maria »</em> (Que la Vierge Marie et son Fils tout aimable nous bénissent). Cette dernière est dédiée à saint Pierre et saint Antoine. Elles donnent les notes Sol dièse, La dièse et Do dièse.</p>
<p>Ces cloches ont été coulées par la maison Paccard d’Annecy-le-Vieux, Haute Savoie, France. Elles furent acquises pour la somme de 1 127 $. Le bulletin paroissial de 1912 nous informe que le coût d’achat des trois cloches fut acquitté par une souscription du Village (455 $), par une souscription de la famille Amédée Roy (360 $) ce qui explique la cloche dédiée à saint Amédée, par la valeur attribuée aux vieilles cloches de même que les offrandes reçues à l’occasion de la bénédiction. Dans le livre <em>Saint‑Pie 1828-2003</em>, il est écrit que cet achat se voulait le commencement d’un futur carillon, lequel ne s’est jamais réalisé.</p>
<figure id="attachment_8018" aria-describedby="caption-attachment-8018" style="width: 232px" class="wp-caption aligncenter"><a href="https://histoiredemaska.com/wp-content/uploads/2026/01/Photos-avec-logo-portrait-2.png"><img fetchpriority="high" decoding="async" class="size-medium wp-image-8018" src="https://histoiredemaska.com/wp-content/uploads/2026/01/Photos-avec-logo-portrait-2-232x300.png" alt="" width="232" height="300" srcset="https://histoiredemaska.com/wp-content/uploads/2026/01/Photos-avec-logo-portrait-2-232x300.png 232w, https://histoiredemaska.com/wp-content/uploads/2026/01/Photos-avec-logo-portrait-2-791x1024.png 791w, https://histoiredemaska.com/wp-content/uploads/2026/01/Photos-avec-logo-portrait-2-768x994.png 768w, https://histoiredemaska.com/wp-content/uploads/2026/01/Photos-avec-logo-portrait-2-1187x1536.png 1187w, https://histoiredemaska.com/wp-content/uploads/2026/01/Photos-avec-logo-portrait-2-600x776.png 600w, https://histoiredemaska.com/wp-content/uploads/2026/01/Photos-avec-logo-portrait-2.png 1545w" sizes="(max-width: 232px) 100vw, 232px" /></a><figcaption id="caption-attachment-8018" class="wp-caption-text">Cloche de l’Église de Saint-Pie. Centre d’histoire de Saint-Hyacinthe. Fonds CH682 Luc Cordeau</figcaption></figure>
<h3><strong>Un repos forcé de 4 ans </strong></h3>
<p>Le 1<sup>er</sup> novembre 2019, de forts vents endommagent l’Église de Saint-Pie. Les assureurs exigent la démolition du second clocher affecté par la chute du premier. Une campagne de financement s’organise dès 2020 pour aider à payer la réparation. Malgré une souscription de 425 000 $, il devenait impossible de refaire les clochers en raison des prix exorbitants. La Fabrique a donc choisi un clocher sobre et, puisque les forts vents sont plus fréquents en raison des changements climatiques, on a opté pour un clocher plus solide, c’est-à-dire moins haut et plus large, afin de bien protéger les cloches.</p>
<figure id="attachment_8020" aria-describedby="caption-attachment-8020" style="width: 232px" class="wp-caption aligncenter"><a href="https://histoiredemaska.com/wp-content/uploads/2026/01/Photos-avec-logo-portrait-3.png"><img decoding="async" class="size-medium wp-image-8020" src="https://histoiredemaska.com/wp-content/uploads/2026/01/Photos-avec-logo-portrait-3-232x300.png" alt="" width="232" height="300" srcset="https://histoiredemaska.com/wp-content/uploads/2026/01/Photos-avec-logo-portrait-3-232x300.png 232w, https://histoiredemaska.com/wp-content/uploads/2026/01/Photos-avec-logo-portrait-3-791x1024.png 791w, https://histoiredemaska.com/wp-content/uploads/2026/01/Photos-avec-logo-portrait-3-768x994.png 768w, https://histoiredemaska.com/wp-content/uploads/2026/01/Photos-avec-logo-portrait-3-1187x1536.png 1187w, https://histoiredemaska.com/wp-content/uploads/2026/01/Photos-avec-logo-portrait-3-600x776.png 600w, https://histoiredemaska.com/wp-content/uploads/2026/01/Photos-avec-logo-portrait-3.png 1545w" sizes="(max-width: 232px) 100vw, 232px" /></a><figcaption id="caption-attachment-8020" class="wp-caption-text">Le 1er novembre 2019, le photographe François Larivière a photographié les dommages de l’église de Saint-Pie. Centre d’histoire de Saint-Hyacinthe, Collection CH478 Société d’histoire régionale de Saint-Hyacinthe</figcaption></figure>
<p><a href="https://histoiredemaska.com/wp-content/uploads/2026/01/Photos-avec-logo-portrait-1.png"><img loading="lazy" decoding="async" class="aligncenter size-medium wp-image-8022" src="https://histoiredemaska.com/wp-content/uploads/2026/01/Photos-avec-logo-portrait-1-232x300.png" alt="" width="232" height="300" srcset="https://histoiredemaska.com/wp-content/uploads/2026/01/Photos-avec-logo-portrait-1-232x300.png 232w, https://histoiredemaska.com/wp-content/uploads/2026/01/Photos-avec-logo-portrait-1-791x1024.png 791w, https://histoiredemaska.com/wp-content/uploads/2026/01/Photos-avec-logo-portrait-1-768x994.png 768w, https://histoiredemaska.com/wp-content/uploads/2026/01/Photos-avec-logo-portrait-1-1187x1536.png 1187w, https://histoiredemaska.com/wp-content/uploads/2026/01/Photos-avec-logo-portrait-1-600x776.png 600w, https://histoiredemaska.com/wp-content/uploads/2026/01/Photos-avec-logo-portrait-1.png 1545w" sizes="(max-width: 232px) 100vw, 232px" /></a></p>
<p>Le 17 novembre 2023, une cérémonie organisée spécialement pour le retour des cloches. Plus de 300 paroissiens sont présents pour vivre ce moment de réjouissances. Le 19 novembre, la tradition a été reprise de faire sonner les cloches 15 minutes avant la messe. Depuis, elles retentissent aussi tous les midis.</p>
<p>&nbsp;</p>
<h3><strong>Les anciennes cloches avaient également leur histoire </strong></h3>
<p>Les anciennes cloches de 1852 furent remises à la maison Paccard afin de contribuer au financement de ces nouvelles cloches pour un montant évalué à 252$. Au nombre de trois, la première, 874 livres (396 kg), portait le nom de Pie-Marie-Josephte. La fabrique l’avait acquise. Les deux autres furent un don du curé Joseph Crevier; il y avait Elmire, 418 livres (190 kg) et Joséphine, 256 livres (116 kg). La fonderie Meneely de Troy, NY, en avait été le maître d’œuvre.</p>
<p>&nbsp;</p>
<p>Durant 58 ans, ces trois cloches avaient accompagné la population de Saint-Pie dans leurs devoirs religieux. Elles avaient été solennellement bénites le 24 novembre 1853. On sait peu de chose sur les cloches qui les ont précédés si ce n’est qu’en 1832 : « La Fabrique acheta la vieille cloche de Saint-Marc » tel qu’écrit dans les Annales.</p>
<figure id="attachment_8024" aria-describedby="caption-attachment-8024" style="width: 300px" class="wp-caption aligncenter"><a href="https://histoiredemaska.com/wp-content/uploads/2026/01/Beffroi-Cloches-de-1853-1911.jpg"><img loading="lazy" decoding="async" class="size-medium wp-image-8024" src="https://histoiredemaska.com/wp-content/uploads/2026/01/Beffroi-Cloches-de-1853-1911-300x197.jpg" alt="" width="300" height="197" srcset="https://histoiredemaska.com/wp-content/uploads/2026/01/Beffroi-Cloches-de-1853-1911-300x197.jpg 300w, https://histoiredemaska.com/wp-content/uploads/2026/01/Beffroi-Cloches-de-1853-1911-1024x671.jpg 1024w, https://histoiredemaska.com/wp-content/uploads/2026/01/Beffroi-Cloches-de-1853-1911-768x504.jpg 768w, https://histoiredemaska.com/wp-content/uploads/2026/01/Beffroi-Cloches-de-1853-1911-1536x1007.jpg 1536w, https://histoiredemaska.com/wp-content/uploads/2026/01/Beffroi-Cloches-de-1853-1911-2048x1343.jpg 2048w, https://histoiredemaska.com/wp-content/uploads/2026/01/Beffroi-Cloches-de-1853-1911-600x393.jpg 600w" sizes="(max-width: 300px) 100vw, 300px" /></a><figcaption id="caption-attachment-8024" class="wp-caption-text">Anciennes cloches de 1852, 1911. Collection de Richard St-Pierre.</figcaption></figure>
<p>Tel qu’illustré ci-haut, elles furent installées sur un beffroi durant les travaux de restauration de l’église en 1910 et en usage jusqu’au 12 octobre 1911 où elles cédèrent leur place aux nouvelles.</p>
<p>&nbsp;</p>
<p>D’après un article de Richard St-Pierre tiré de la chronique « Histoire et patrimoine » de <em>l’Écho de ma ville</em> (le bulletin municipal de Saint-Pie) paru en septembre 2023.</p>
