{"id":7221,"date":"2025-11-27T13:48:32","date_gmt":"2025-11-27T18:48:32","guid":{"rendered":"https:\/\/histoiredemaska.com\/?post_type=product&#038;p=7221"},"modified":"2026-03-23T14:20:45","modified_gmt":"2026-03-23T18:20:45","slug":"orgue-et-patrimoine-a-la-cathedrale-de-saint-hyacinthe","status":"publish","type":"product","link":"https:\/\/histoiredemaska.com\/en\/produit\/orgue-et-patrimoine-a-la-cathedrale-de-saint-hyacinthe\/","title":{"rendered":"L&#8217;univers musical du S\u00e9minaire de Saint-Hyacinthe : son orgue et La Bonne Chanson"},"content":{"rendered":"<p>Pour clore la 4e \u00e9dition d&#8217;Orgues et patrimoine, le public d\u00e9couvrira la richesse des tonalit\u00e9s de l&#8217;Opus 1313 \u00e0 travers des oeuvres connues et moins connues de deux r\u00e9pertoires qui ont laiss\u00e9 leur marque dans la culture fran\u00e7aise et qu\u00e9b\u00e9coise. Bien peu de personnes le savent, mais, les fr\u00e8res Casavant avaient le d\u00e9sir de concevoir un instrument pour mettre en valeur les compositions romantiques et symphoniques lors de la construction de l&#8217;orgue de la chapelle du S\u00e9minaire. Inversement, il est bien connu que l&#8217;oeuvre de La Bonne Chanson, une initiative de l&#8217;abb\u00e9 Charles-\u00c9mile Gadbois (1906-1981), a vu le jour entre les murs du S\u00e9minaire de Saint-Hyacinthe. Ainsi, la chapelle du S\u00e9minaire est le lieu parfait pour offrir au public une exp\u00e9rience musicale o\u00f9 le r\u00e9pertoire folklorique de La Bonne Chanson rencontre l&#8217;univers expressif de l&#8217;organiste europ\u00e9en C\u00e9sar Franck (1822-1890).<\/p>\n<p>Mettant en vedette l&#8217;organiste Pierre Grandmaison, qui a \u00e9t\u00e9 titulaire de l&#8217;orgue de la basilique Notre-Dame de Montr\u00e9al durant plus de 50 ans, le baryton Franklin Tagakou et la soprano Pascale Brigitte Boilard, les performances musicales promettent d&#8217;\u00e9veiller des souvenirs tout en favorisant d&#8217;agr\u00e9ables d\u00e9couvertes. Entre les morceaux de musique, Jo\u00eblle Th\u00e9rien, historienne au Centre d&#8217;histoire de Saint-Hyacinthe, permettra au public d&#8217;en apprendre plus sur les pi\u00e8ces musicales choisies de m\u00eame que sur l&#8217;orgue Casavant qui sera bient\u00f4t centenaire. Il sera \u00e9videmment question des \u00e9v\u00e9nements marquants de l&#8217;histoire de La Bonne Chanson et de son fondateur, l&#8217;abb\u00e9 Gadbois.<\/p>\n<p>L&#8217;\u00e9v\u00e9nement d\u00e9butera le dimanche 31 mai \u00e0 14 h. L&#8217;entr\u00e9e de la chapelle du S\u00e9minaire de Saint-Hyacinthe s&#8217;effectuera par la rue Pratte. Des b\u00e9n\u00e9voles seront sur place pour guider les spectateurs.<\/p>\n<p>L\u2019\u00e9v\u00e9nement est gratuit, mais il sera possible de faire des dons pour soutenir la mission du Centre d\u2019histoire.<\/p>\n<p>Aucune r\u00e9servation requise.<\/p>\n<p>Photo de Christophe Morin : Jacquelin Rochette et Franklin Tagakou lors de l&#8217;\u00e9dition 2024 de l&#8217;\u00e9v\u00e9nement Orgues et patrimoine. Centre d\u2019histoire de Saint-Hyacinthe. Fonds CH690 Centre d\u2019histoire de Saint-Hyacinthe<\/p>\n","protected":false},"excerpt":{"rendered":"<p>Pour clore la 4e \u00e9dition d&#8217;Orgues et patrimoine, le public d\u00e9couvrira la richesse des tonalit\u00e9s de l&#8217;Opus 1313 \u00e0 travers des oeuvres connues et moins connues de deux r\u00e9pertoires qui ont laiss\u00e9 leur marque dans la culture fran\u00e7aise et qu\u00e9b\u00e9coise. Bien peu de personnes le savent, mais, les fr\u00e8res Casavant avaient le d\u00e9sir de concevoir [&hellip;]<\/p>\n","protected":false},"featured_media":8293,"comment_status":"closed","ping_status":"closed","template":"","meta":{"_acf_changed":false},"product_brand":[],"product_cat":[113,35],"product_tag":[],"class_list":{"0":"post-7221","1":"product","2":"type-product","3":"status-publish","4":"has-post-thumbnail","6":"product_cat-evenement-culturel","7":"product_cat-evenements","9":"first","10":"instock","11":"shipping-taxable","12":"purchasable","13":"product-type-simple"},"acf":[],"_links":{"self":[{"href":"https:\/\/histoiredemaska.com\/en\/wp-json\/wp\/v2\/product\/7221","targetHints":{"allow":["GET"]}}],"collection":[{"href":"https:\/\/histoiredemaska.com\/en\/wp-json\/wp\/v2\/product"}],"about":[{"href":"https:\/\/histoiredemaska.com\/en\/wp-json\/wp\/v2\/types\/product"}],"replies":[{"embeddable":true,"href":"https:\/\/histoiredemaska.com\/en\/wp-json\/wp\/v2\/comments?post=7221"}],"version-history":[{"count":9,"href":"https:\/\/histoiredemaska.com\/en\/wp-json\/wp\/v2\/product\/7221\/revisions"}],"predecessor-version":[{"id":8310,"href":"https:\/\/histoiredemaska.com\/en\/wp-json\/wp\/v2\/product\/7221\/revisions\/8310"}],"wp:featuredmedia":[{"embeddable":true,"href":"https:\/\/histoiredemaska.com\/en\/wp-json\/wp\/v2\/media\/8293"}],"wp:attachment":[{"href":"https:\/\/histoiredemaska.com\/en\/wp-json\/wp\/v2\/media?parent=7221"}],"wp:term":[{"taxonomy":"product_brand","embeddable":true,"href":"https:\/\/histoiredemaska.com\/en\/wp-json\/wp\/v2\/product_brand?post=7221"},{"taxonomy":"product_cat","embeddable":true,"href":"https:\/\/histoiredemaska.com\/en\/wp-json\/wp\/v2\/product_cat?post=7221"},{"taxonomy":"product_tag","embeddable":true,"href":"https:\/\/histoiredemaska.com\/en\/wp-json\/wp\/v2\/product_tag?post=7221"}],"curies":[{"name":"wp","href":"https:\/\/api.w.org\/{rel}","templated":true}]}}

L&#8217;univers musical du Séminaire de Saint-Hyacinthe : son orgue et La Bonne Chanson

<p>Pour clore la 4e édition d&#8217;Orgues et patrimoine, le public découvrira la richesse des tonalités de l&#8217;Opus 1313 à travers des oeuvres connues et moins connues de deux répertoires qui ont laissé leur marque dans la culture française et québécoise. Bien peu de personnes le savent, mais, les frères Casavant avaient le désir de concevoir un instrument pour mettre en valeur les compositions romantiques et symphoniques lors de la construction de l&#8217;orgue de la chapelle du Séminaire. Inversement, il est bien connu que l&#8217;oeuvre de La Bonne Chanson, une initiative de l&#8217;abbé Charles-Émile Gadbois (1906-1981), a vu le jour entre les murs du Séminaire de Saint-Hyacinthe. Ainsi, la chapelle du Séminaire est le lieu parfait pour offrir au public une expérience musicale où le répertoire folklorique de La Bonne Chanson rencontre l&#8217;univers expressif de l&#8217;organiste européen César Franck (1822-1890).</p>
<p>Mettant en vedette l&#8217;organiste Pierre Grandmaison, qui a été titulaire de l&#8217;orgue de la basilique Notre-Dame de Montréal durant plus de 50 ans, le baryton Franklin Tagakou et la soprano Pascale Brigitte Boilard, les performances musicales promettent d&#8217;éveiller des souvenirs tout en favorisant d&#8217;agréables découvertes. Entre les morceaux de musique, Joëlle Thérien, historienne au Centre d&#8217;histoire de Saint-Hyacinthe, permettra au public d&#8217;en apprendre plus sur les pièces musicales choisies de même que sur l&#8217;orgue Casavant qui sera bientôt centenaire. Il sera évidemment question des événements marquants de l&#8217;histoire de La Bonne Chanson et de son fondateur, l&#8217;abbé Gadbois.</p>
<p>L&#8217;événement débutera le dimanche 31 mai à 14 h. L&#8217;entrée de la chapelle du Séminaire de Saint-Hyacinthe s&#8217;effectuera par la rue Pratte. Des bénévoles seront sur place pour guider les spectateurs.</p>
<p>L’événement est gratuit, mais il sera possible de faire des dons pour soutenir la mission du Centre d’histoire.</p>
<p>Aucune réservation requise.</p>
<p>Photo de Christophe Morin : Jacquelin Rochette et Franklin Tagakou lors de l&#8217;édition 2024 de l&#8217;événement Orgues et patrimoine. Centre d’histoire de Saint-Hyacinthe. Fonds CH690 Centre d’histoire de Saint-Hyacinthe</p>

<p>Pour clore la 4e édition d&#8217;Orgues et patrimoine, le public découvrira la richesse des tonalités de l&#8217;Opus 1313 à travers des oeuvres connues et moins connues de deux répertoires qui ont laissé leur marque dans la culture française et québécoise. Bien peu de personnes le savent, mais, les frères Casavant avaient le désir de concevoir [&hellip;]</p>
